CRAN Package Check Results for Package sparkhail

Last updated on 2025-11-23 20:49:03 CET.

Flavor Version Tinstall Tcheck Ttotal Status Flags
r-devel-linux-x86_64-debian-clang 0.1.1 5.75 58.05 63.80 OK
r-devel-linux-x86_64-debian-gcc 0.1.1 4.31 40.13 44.44 OK
r-devel-linux-x86_64-fedora-clang 0.1.1 42.00 59.59 101.59 OK
r-devel-linux-x86_64-fedora-gcc 0.1.1 37.00 57.05 94.05 OK
r-devel-windows-x86_64 0.1.1 11.00 66.00 77.00 OK
r-patched-linux-x86_64 0.1.1 5.17 51.59 56.76 OK
r-release-linux-x86_64 0.1.1 6.11 50.57 56.68 OK
r-release-macos-arm64 0.1.1 OK
r-release-macos-x86_64 0.1.1 6.00 52.00 58.00 OK
r-release-windows-x86_64 0.1.1 9.00 72.00 81.00 OK
r-oldrel-macos-arm64 0.1.1 NOTE
r-oldrel-macos-x86_64 0.1.1 4.00 39.00 43.00 NOTE
r-oldrel-windows-x86_64 0.1.1 10.00 80.00 90.00 NOTE

Check Details

Version: 0.1.1
Check: LazyData
Result: NOTE 'LazyData' is specified without a 'data' directory Flavors: r-oldrel-macos-arm64, r-oldrel-macos-x86_64, r-oldrel-windows-x86_64