Last updated on 2025-07-04 19:50:31 CEST.
Flavor | Version | Tinstall | Tcheck | Ttotal | Status | Flags |
---|---|---|---|---|---|---|
r-devel-linux-x86_64-debian-clang | 1.1 | 12.69 | 105.94 | 118.63 | OK | |
r-devel-linux-x86_64-debian-gcc | 1.1 | 10.44 | 77.65 | 88.09 | OK | |
r-devel-linux-x86_64-fedora-clang | 1.1 | 185.27 | OK | |||
r-devel-linux-x86_64-fedora-gcc | 1.1 | 180.03 | OK | |||
r-devel-windows-x86_64 | 1.1 | 13.00 | 108.00 | 121.00 | OK | |
r-patched-linux-x86_64 | 1.1 | 11.93 | 101.04 | 112.97 | OK | |
r-release-linux-x86_64 | 1.1 | 11.85 | 101.05 | 112.90 | OK | |
r-release-macos-arm64 | 1.1 | 48.00 | OK | |||
r-release-macos-x86_64 | 1.1 | 91.00 | OK | |||
r-release-windows-x86_64 | 1.1 | 14.00 | 111.00 | 125.00 | OK | |
r-oldrel-macos-arm64 | 1.1 | 46.00 | NOTE | |||
r-oldrel-macos-x86_64 | 1.1 | 81.00 | NOTE | |||
r-oldrel-windows-x86_64 | 1.1 | 18.00 | 136.00 | 154.00 | NOTE |
Version: 1.1
Check: installed package size
Result: NOTE
installed size is 5.9Mb
sub-directories of 1Mb or more:
data 4.3Mb
help 1.5Mb
Flavors: r-oldrel-macos-arm64, r-oldrel-macos-x86_64, r-oldrel-windows-x86_64