Last updated on 2024-05-13 09:51:00 CEST.
Flavor | Version | Tinstall | Tcheck | Ttotal | Status | Flags |
---|---|---|---|---|---|---|
r-devel-linux-x86_64-debian-clang | 1.2.1 | 6.33 | 278.38 | 284.71 | OK | |
r-devel-linux-x86_64-debian-gcc | 1.2.1 | 4.86 | 200.95 | 205.81 | OK | |
r-devel-linux-x86_64-fedora-clang | 1.2.1 | 361.53 | OK | |||
r-devel-linux-x86_64-fedora-gcc | 1.2.1 | 369.42 | OK | |||
r-devel-windows-x86_64 | 1.2.1 | 7.00 | 184.00 | 191.00 | OK | |
r-patched-linux-x86_64 | 1.2.1 | 4.42 | 183.98 | 188.40 | ERROR | |
r-release-linux-x86_64 | 1.2.1 | 4.01 | 264.05 | 268.06 | OK | |
r-release-macos-arm64 | 1.2.1 | 90.00 | OK | |||
r-release-windows-x86_64 | 1.2.1 | 6.00 | 186.00 | 192.00 | OK | |
r-oldrel-macos-arm64 | 1.2.1 | 136.00 | OK | |||
r-oldrel-macos-x86_64 | 1.2.1 | 231.00 | OK | |||
r-oldrel-windows-x86_64 | 1.2.1 | 8.00 | 254.00 | 262.00 | OK |
Version: 1.2.1
Check: re-building of vignette outputs
Result: ERROR
Error(s) in re-building vignettes:
...
--- re-building ‘getting_started.Rmd’ using rmarkdown
Quitting from lines at lines 51-84 [unnamed-chunk-3] (getting_started.Rmd)
Error: processing vignette 'getting_started.Rmd' failed with diagnostics:
object 'GDPPOT' not found
--- failed re-building ‘getting_started.Rmd’
SUMMARY: processing the following file failed:
‘getting_started.Rmd’
Error: Vignette re-building failed.
Execution halted
Flavor: r-patched-linux-x86_64