CRAN Package Check Results for Package som.nn

Last updated on 2025-07-04 20:49:26 CEST.

Flavor Version Tinstall Tcheck Ttotal Status Flags
r-devel-linux-x86_64-debian-clang 1.4.4 4.74 46.10 50.84 NOTE
r-devel-linux-x86_64-debian-gcc 1.4.4 3.17 31.74 34.91 NOTE
r-devel-linux-x86_64-fedora-clang 1.4.4 76.04 OK
r-devel-linux-x86_64-fedora-gcc 1.4.4 74.87 OK
r-devel-windows-x86_64 1.4.4 5.00 66.00 71.00 OK
r-patched-linux-x86_64 1.4.4 5.58 43.37 48.95 OK
r-release-linux-x86_64 1.4.4 4.84 42.67 47.51 OK
r-release-macos-arm64 1.4.4 23.00 OK
r-release-macos-x86_64 1.4.4 46.00 OK
r-release-windows-x86_64 1.4.4 6.00 67.00 73.00 OK
r-oldrel-macos-arm64 1.4.4 22.00 OK
r-oldrel-macos-x86_64 1.4.4 36.00 OK
r-oldrel-windows-x86_64 1.4.4 8.00 77.00 85.00 OK

Check Details

Version: 1.4.4
Check: CRAN incoming feasibility
Result: NOTE Maintainer: ‘Andreas Dominik <andreas.dominik@mni.thm.de>’ No Authors@R field in DESCRIPTION. Please add one, modifying Authors@R: person(given = "Andreas", family = "Dominik", role = c("aut", "cre"), email = "andreas.dominik@mni.thm.de") as necessary. Flavors: r-devel-linux-x86_64-debian-clang, r-devel-linux-x86_64-debian-gcc