Last updated on 2024-05-06 01:48:38 CEST.
Flavor | Version | Tinstall | Tcheck | Ttotal | Status | Flags |
---|---|---|---|---|---|---|
r-devel-linux-x86_64-debian-clang | 4.0.1 | 235.45 | 608.57 | 844.02 | OK | |
r-devel-linux-x86_64-debian-gcc | 4.0.1 | 188.63 | 433.18 | 621.81 | OK | |
r-devel-linux-x86_64-fedora-clang | 4.0.1 | 1072.11 | NOTE | |||
r-devel-linux-x86_64-fedora-gcc | 4.0.1 | 1087.72 | OK | |||
r-devel-windows-x86_64 | 4.0.1 | 170.00 | 225.00 | 395.00 | NOTE | --no-vignettes |
r-patched-linux-x86_64 | 4.0.1 | 159.21 | 556.45 | 715.66 | OK | |
r-release-linux-x86_64 | 4.0.1 | 169.01 | 545.33 | 714.34 | OK | |
r-release-macos-arm64 | 4.0.1 | 243.00 | NOTE | |||
r-release-macos-x86_64 | 4.0.1 | 603.00 | NOTE | |||
r-release-windows-x86_64 | 4.0.1 | 174.00 | 223.00 | 397.00 | NOTE | --no-vignettes |
r-oldrel-macos-arm64 | 4.0.1 | 249.00 | NOTE | |||
r-oldrel-macos-x86_64 | 4.0.1 | 591.00 | NOTE | |||
r-oldrel-windows-x86_64 | 4.0.1 | 223.00 | 254.00 | 477.00 | NOTE | --no-vignettes |
Version: 4.0.1
Check: installed package size
Result: NOTE
installed size is 6.0Mb
sub-directories of 1Mb or more:
R 1.2Mb
doc 3.4Mb
Flavors: r-devel-linux-x86_64-fedora-clang, r-release-macos-arm64, r-release-macos-x86_64, r-oldrel-macos-arm64, r-oldrel-macos-x86_64
Version: 4.0.1
Flags: --no-vignettes
Check: package dependencies
Result: NOTE
Package suggested but not available for checking: 'doMC'
Flavors: r-devel-windows-x86_64, r-release-windows-x86_64, r-oldrel-windows-x86_64
Version: 4.0.1
Flags: --no-vignettes
Check: installed package size
Result: NOTE
installed size is 6.6Mb
sub-directories of 1Mb or more:
R 1.2Mb
doc 3.3Mb
libs 1.6Mb
Flavors: r-devel-windows-x86_64, r-release-windows-x86_64, r-oldrel-windows-x86_64