Last updated on 2025-07-04 20:49:26 CEST.
Flavor | Version | Tinstall | Tcheck | Ttotal | Status | Flags |
---|---|---|---|---|---|---|
r-devel-linux-x86_64-debian-clang | 1.2.0 | 2.61 | 41.06 | 43.67 | NOTE | |
r-devel-linux-x86_64-debian-gcc | 1.2.0 | 1.91 | 29.84 | 31.75 | NOTE | |
r-devel-linux-x86_64-fedora-clang | 1.2.0 | 70.08 | OK | |||
r-devel-linux-x86_64-fedora-gcc | 1.2.0 | 68.39 | OK | |||
r-devel-windows-x86_64 | 1.2.0 | 4.00 | 62.00 | 66.00 | OK | |
r-patched-linux-x86_64 | 1.2.0 | 3.28 | 39.06 | 42.34 | OK | |
r-release-linux-x86_64 | 1.2.0 | 2.35 | 37.97 | 40.32 | OK | |
r-release-macos-arm64 | 1.2.0 | 28.00 | OK | |||
r-release-macos-x86_64 | 1.2.0 | 50.00 | OK | |||
r-release-windows-x86_64 | 1.2.0 | 5.00 | 64.00 | 69.00 | OK | |
r-oldrel-macos-arm64 | 1.2.0 | 25.00 | OK | |||
r-oldrel-macos-x86_64 | 1.2.0 | 35.00 | OK | |||
r-oldrel-windows-x86_64 | 1.2.0 | 5.00 | 77.00 | 82.00 | OK |
Version: 1.2.0
Check: CRAN incoming feasibility
Result: NOTE
Maintainer: ‘Emmanuel Caron <emmanuelcaron3@gmail.com>’
No Authors@R field in DESCRIPTION.
Please add one, modifying
Authors@R: c(person(given = "Emmanuel",
family = "Caron",
role = c("aut", "cre"),
email = "emmanuelcaron3@gmail.com"),
person(given = "Jérôme",
family = "Dedecker",
role = "aut"),
person(given = "Bertrand",
family = "Michel",
role = "aut"))
as necessary.
The Description field contains
<arXiv:1906.06583>.
Please refer to arXiv e-prints via their arXiv DOI <doi:10.48550/arXiv.YYMM.NNNNN>.
Flavors: r-devel-linux-x86_64-debian-clang, r-devel-linux-x86_64-debian-gcc