Last updated on 2024-05-06 04:54:14 CEST.
Flavor | Version | Tinstall | Tcheck | Ttotal | Status | Flags |
---|---|---|---|---|---|---|
r-devel-linux-x86_64-debian-clang | 4.0.0 | 2.02 | 26.89 | 28.91 | NOTE | |
r-devel-linux-x86_64-debian-gcc | 4.0.0 | 1.67 | 21.00 | 22.67 | NOTE | |
r-devel-linux-x86_64-fedora-clang | 4.0.0 | 38.56 | NOTE | |||
r-devel-linux-x86_64-fedora-gcc | 4.0.0 | 49.25 | NOTE | |||
r-devel-windows-x86_64 | 4.0.0 | 3.00 | 44.00 | 47.00 | NOTE | |
r-patched-linux-x86_64 | 4.0.0 | 1.67 | 25.67 | 27.34 | NOTE | |
r-release-linux-x86_64 | 4.0.0 | 1.96 | 25.92 | 27.88 | NOTE | |
r-release-macos-arm64 | 4.0.0 | 22.00 | NOTE | |||
r-release-windows-x86_64 | 4.0.0 | 3.00 | 43.00 | 46.00 | NOTE | |
r-oldrel-macos-arm64 | 4.0.0 | 23.00 | NOTE | |||
r-oldrel-macos-x86_64 | 4.0.0 | 32.00 | NOTE | |||
r-oldrel-windows-x86_64 | 4.0.0 | 4.00 | 44.00 | 48.00 | NOTE |
Version: 4.0.0
Check: LazyData
Result: NOTE
'LazyData' is specified without a 'data' directory
Flavors: r-devel-linux-x86_64-debian-clang, r-devel-linux-x86_64-debian-gcc, r-devel-linux-x86_64-fedora-clang, r-devel-linux-x86_64-fedora-gcc, r-devel-windows-x86_64, r-patched-linux-x86_64, r-release-linux-x86_64, r-release-macos-arm64, r-release-windows-x86_64, r-oldrel-macos-arm64, r-oldrel-macos-x86_64, r-oldrel-windows-x86_64