Last updated on 2024-05-05 19:54:07 CEST.
Flavor | Version | Tinstall | Tcheck | Ttotal | Status | Flags |
---|---|---|---|---|---|---|
r-devel-linux-x86_64-debian-clang | 1.0.5 | 2.10 | 21.59 | 23.69 | NOTE | |
r-devel-linux-x86_64-debian-gcc | 1.0.5 | 1.49 | 16.99 | 18.48 | NOTE | |
r-devel-linux-x86_64-fedora-clang | 1.0.5 | 33.30 | NOTE | |||
r-devel-linux-x86_64-fedora-gcc | 1.0.5 | 28.99 | NOTE | |||
r-devel-windows-x86_64 | 1.0.5 | 4.00 | 40.00 | 44.00 | NOTE | |
r-patched-linux-x86_64 | 1.0.5 | 2.04 | 20.69 | 22.73 | NOTE | |
r-release-linux-x86_64 | 1.0.5 | 2.39 | 21.24 | 23.63 | NOTE | |
r-release-macos-arm64 | 1.0.5 | 14.00 | NOTE | |||
r-release-windows-x86_64 | 1.0.5 | 4.00 | 38.00 | 42.00 | NOTE | |
r-oldrel-macos-arm64 | 1.0.5 | 16.00 | NOTE | |||
r-oldrel-macos-x86_64 | 1.0.5 | 20.00 | NOTE | |||
r-oldrel-windows-x86_64 | 1.0.5 | 5.00 | 38.00 | 43.00 | NOTE |
Version: 1.0.5
Check: LazyData
Result: NOTE
'LazyData' is specified without a 'data' directory
Flavors: r-devel-linux-x86_64-debian-clang, r-devel-linux-x86_64-debian-gcc, r-devel-linux-x86_64-fedora-clang, r-devel-linux-x86_64-fedora-gcc, r-devel-windows-x86_64, r-patched-linux-x86_64, r-release-linux-x86_64, r-release-macos-arm64, r-release-windows-x86_64, r-oldrel-macos-arm64, r-oldrel-macos-x86_64, r-oldrel-windows-x86_64
Version: 1.0.5
Check: dependencies in R code
Result: NOTE
Namespaces in Imports field not imported from:
‘KGode’ ‘XML’ ‘ggplot2’ ‘gridExtra’ ‘mvtnorm’ ‘reshape2’ ‘shinyjs’
All declared Imports should be used.
Flavors: r-devel-linux-x86_64-fedora-clang, r-devel-linux-x86_64-fedora-gcc