Last updated on 2025-10-31 22:50:10 CET.
| Flavor | Version | Tinstall | Tcheck | Ttotal | Status | Flags | 
|---|---|---|---|---|---|---|
| r-devel-linux-x86_64-debian-clang | 0.3.1 | 7.12 | 65.57 | 72.69 | NOTE | |
| r-devel-linux-x86_64-debian-gcc | 0.3.1 | 4.01 | 48.79 | 52.80 | NOTE | |
| r-devel-linux-x86_64-fedora-clang | 0.3.1 | 17.00 | 94.05 | 111.05 | NOTE | |
| r-devel-linux-x86_64-fedora-gcc | 0.3.1 | 13.00 | 107.94 | 120.94 | NOTE | |
| r-devel-windows-x86_64 | 0.3.1 | 9.00 | 82.00 | 91.00 | NOTE | |
| r-patched-linux-x86_64 | 0.3.1 | 7.99 | 60.79 | 68.78 | NOTE | |
| r-release-linux-x86_64 | 0.3.1 | 4.96 | 60.24 | 65.20 | NOTE | |
| r-release-macos-arm64 | 0.3.1 | 3.00 | 45.00 | 48.00 | NOTE | |
| r-release-macos-x86_64 | 0.3.1 | 6.00 | 67.00 | 73.00 | NOTE | |
| r-release-windows-x86_64 | 0.3.1 | 10.00 | 82.00 | 92.00 | NOTE | |
| r-oldrel-macos-arm64 | 0.3.1 | 3.00 | 44.00 | 47.00 | OK | |
| r-oldrel-macos-x86_64 | 0.3.1 | 6.00 | 68.00 | 74.00 | OK | |
| r-oldrel-windows-x86_64 | 0.3.1 | 11.00 | 97.00 | 108.00 | OK | 
Version: 0.3.1
Check: DESCRIPTION meta-information
Result: NOTE
    Missing dependency on R >= 4.1.0 because package code uses the pipe
    |> or function shorthand \(...) syntax added in R 4.1.0.
    File(s) using such syntax:
      ‘filter_discrete.R’ ‘filter_query.R’ ‘renders.R’
Flavors: r-devel-linux-x86_64-debian-clang, r-devel-linux-x86_64-debian-gcc, r-devel-linux-x86_64-fedora-clang, r-devel-linux-x86_64-fedora-gcc, r-devel-windows-x86_64, r-patched-linux-x86_64, r-release-linux-x86_64, r-release-macos-arm64, r-release-macos-x86_64, r-release-windows-x86_64