Last updated on 2024-03-28 10:49:48 CET.
Flavor | Version | Tinstall | Tcheck | Ttotal | Status | Flags |
---|---|---|---|---|---|---|
r-devel-linux-x86_64-debian-clang | 1.8.0 | 41.78 | 174.39 | 216.17 | OK | |
r-devel-linux-x86_64-debian-gcc | 1.8.1 | 30.76 | 128.07 | 158.83 | OK | |
r-devel-linux-x86_64-fedora-clang | 1.8.1 | 287.01 | NOTE | |||
r-devel-linux-x86_64-fedora-gcc | 1.8.1 | 263.10 | OK | |||
r-devel-windows-x86_64 | 1.8.1 | 25.00 | 175.00 | 200.00 | NOTE | |
r-patched-linux-x86_64 | 1.8.1 | 49.11 | 169.94 | 219.05 | OK | |
r-release-linux-x86_64 | 1.8.0 | 33.53 | 170.27 | 203.80 | OK | |
r-release-macos-arm64 | 1.8.1 | 78.00 | NOTE | |||
r-release-macos-x86_64 | 1.8.1 | 185.00 | NOTE | |||
r-release-windows-x86_64 | 1.8.0 | 45.00 | 221.00 | 266.00 | NOTE | |
r-oldrel-macos-arm64 | 1.8.1 | 70.00 | NOTE | |||
r-oldrel-windows-x86_64 | 1.8.1 | 28.00 | 163.00 | 191.00 | NOTE |
Version: 1.8.1
Check: installed package size
Result: NOTE
installed size is 13.5Mb
sub-directories of 1Mb or more:
R 1.5Mb
www 10.4Mb
Flavors: r-devel-linux-x86_64-fedora-clang, r-devel-windows-x86_64, r-release-macos-arm64, r-release-macos-x86_64, r-oldrel-macos-arm64, r-oldrel-windows-x86_64
Version: 1.8.0
Check: installed package size
Result: NOTE
installed size is 11.8Mb
sub-directories of 1Mb or more:
R 1.4Mb
www 9.1Mb
Flavor: r-release-windows-x86_64