Last updated on 2025-10-31 22:50:10 CET.
| Flavor | Version | Tinstall | Tcheck | Ttotal | Status | Flags | 
|---|---|---|---|---|---|---|
| r-devel-linux-x86_64-debian-clang | 1.0.2 | 2.08 | 25.94 | 28.02 | NOTE | |
| r-devel-linux-x86_64-debian-gcc | 1.0.2 | 1.84 | 19.87 | 21.71 | NOTE | |
| r-devel-linux-x86_64-fedora-clang | 1.0.2 | 41.92 | OK | |||
| r-devel-linux-x86_64-fedora-gcc | 1.0.2 | 39.45 | OK | |||
| r-devel-windows-x86_64 | 1.0.2 | 4.00 | 45.00 | 49.00 | OK | |
| r-patched-linux-x86_64 | 1.0.2 | 2.54 | 24.56 | 27.10 | OK | |
| r-release-linux-x86_64 | 1.0.2 | 2.35 | 24.18 | 26.53 | OK | |
| r-release-macos-arm64 | 1.0.2 | 1.00 | 22.00 | 23.00 | OK | |
| r-release-macos-x86_64 | 1.0.2 | 2.00 | 24.00 | 26.00 | OK | |
| r-release-windows-x86_64 | 1.0.2 | 3.00 | 48.00 | 51.00 | OK | |
| r-oldrel-macos-arm64 | 1.0.2 | 1.00 | 15.00 | 16.00 | OK | |
| r-oldrel-macos-x86_64 | 1.0.2 | 2.00 | 24.00 | 26.00 | OK | |
| r-oldrel-windows-x86_64 | 1.0.2 | 3.00 | 45.00 | 48.00 | OK | 
Version: 1.0.2
Check: CRAN incoming feasibility
Result: NOTE
  Maintainer: ‘Paul R. Rosenbaum <rosenbaum@wharton.upenn.edu>’
  
  No Authors@R field in DESCRIPTION.
  Please add one, modifying
    Authors@R: person(given = c("Paul", "R."),
                      family = "Rosenbaum",
                      role = c("aut", "cre"),
                      email = "rosenbaum@wharton.upenn.edu")
  as necessary.
Flavors: r-devel-linux-x86_64-debian-clang, r-devel-linux-x86_64-debian-gcc