CRAN Package Check Results for Package seedCCA

Last updated on 2025-05-06 02:50:32 CEST.

Flavor Version Tinstall Tcheck Ttotal Status Flags
r-devel-linux-x86_64-debian-clang 3.1 10.54 82.72 93.26 NOTE
r-devel-linux-x86_64-debian-gcc 3.1 7.37 61.06 68.43 NOTE
r-devel-linux-x86_64-fedora-clang 3.1 147.43 NOTE
r-devel-linux-x86_64-fedora-gcc 3.1 139.99 NOTE
r-devel-windows-x86_64 3.1 11.00 91.00 102.00 NOTE
r-patched-linux-x86_64 3.1 10.92 78.31 89.23 NOTE
r-release-linux-x86_64 3.1 8.76 79.67 88.43 NOTE
r-release-macos-arm64 3.1 43.00 NOTE
r-release-macos-x86_64 3.1 70.00 NOTE
r-release-windows-x86_64 3.1 12.00 93.00 105.00 NOTE
r-oldrel-macos-arm64 3.1 39.00 NOTE
r-oldrel-macos-x86_64 3.1 62.00 NOTE
r-oldrel-windows-x86_64 3.1 15.00 112.00 127.00 NOTE

Check Details

Version: 3.1
Check: CRAN incoming feasibility
Result: NOTE Maintainer: ‘Jae Keun Yoo <peter.yoo@ewha.ac.kr>’ No Authors@R field in DESCRIPTION. Please add one, modifying Authors@R: c(person(given = c("Jae", "Keun"), family = "Yoo", role = c("aut", "cre"), email = "peter.yoo@ewha.ac.kr"), person(given = "Bo-Young", family = "Kim", role = "aut")) as necessary. Flavors: r-devel-linux-x86_64-debian-clang, r-devel-linux-x86_64-debian-gcc

Version: 3.1
Check: Rd files
Result: NOTE checkRd: (-1) seedCCA.Rd:17: Lost braces; missing escapes or markup? 17 | \item{u}{numeric, maximum number of projections. The default is 10. This is used for \code{type="seed1"}, \code{type="seed2"} and {tyepe="pls"}.} | ^ Flavors: r-devel-linux-x86_64-debian-clang, r-devel-linux-x86_64-debian-gcc, r-devel-linux-x86_64-fedora-clang, r-devel-linux-x86_64-fedora-gcc, r-devel-windows-x86_64, r-patched-linux-x86_64, r-release-linux-x86_64, r-release-macos-arm64, r-release-macos-x86_64, r-release-windows-x86_64, r-oldrel-macos-arm64, r-oldrel-macos-x86_64, r-oldrel-windows-x86_64