Last updated on 2024-05-13 09:50:58 CEST.
Flavor | Version | Tinstall | Tcheck | Ttotal | Status | Flags |
---|---|---|---|---|---|---|
r-devel-linux-x86_64-debian-clang | 0.6-0 | 9.00 | 72.07 | 81.07 | NOTE | |
r-devel-linux-x86_64-debian-gcc | 0.6-0 | 6.84 | 52.25 | 59.09 | NOTE | |
r-devel-linux-x86_64-fedora-clang | 0.6-0 | 100.06 | NOTE | |||
r-devel-linux-x86_64-fedora-gcc | 0.6-0 | 101.14 | NOTE | |||
r-devel-windows-x86_64 | 0.6-0 | 9.00 | 88.00 | 97.00 | NOTE | |
r-patched-linux-x86_64 | 0.6-0 | 11.35 | 68.84 | 80.19 | NOTE | |
r-release-linux-x86_64 | 0.6-0 | 8.87 | 69.51 | 78.38 | NOTE | |
r-release-macos-arm64 | 0.6-0 | 30.00 | NOTE | |||
r-release-windows-x86_64 | 0.6-0 | 9.00 | 88.00 | 97.00 | NOTE | |
r-oldrel-macos-arm64 | 0.6-0 | 30.00 | OK | |||
r-oldrel-macos-x86_64 | 0.6-0 | 47.00 | OK | |||
r-oldrel-windows-x86_64 | 0.6-0 | 9.00 | 98.00 | 107.00 | OK |
Version: 0.6-0
Check: Rd files
Result: NOTE
checkRd: (-1) seas.check.Rd:48-49: Lost braces in \itemize; meant \describe ?
checkRd: (-1) seas.check.Rd:50: Lost braces in \itemize; meant \describe ?
checkRd: (-1) seas.check.Rd:51: Lost braces in \itemize; meant \describe ?
checkRd: (-1) seas.check.Rd:52-54: Lost braces in \itemize; meant \describe ?
checkRd: (-1) seas.check.Rd:55: Lost braces in \itemize; meant \describe ?
checkRd: (-1) seas.check.Rd:56: Lost braces in \itemize; meant \describe ?
checkRd: (-1) seas.check.Rd:57: Lost braces in \itemize; meant \describe ?
checkRd: (-1) seas.check.Rd:58: Lost braces in \itemize; meant \describe ?
Flavors: r-devel-linux-x86_64-debian-clang, r-devel-linux-x86_64-debian-gcc, r-devel-linux-x86_64-fedora-clang, r-devel-linux-x86_64-fedora-gcc, r-devel-windows-x86_64, r-patched-linux-x86_64, r-release-linux-x86_64, r-release-macos-arm64, r-release-windows-x86_64
Version: 0.6-0
Check: data for non-ASCII characters
Result: NOTE
Note: found 3 marked UTF-8 strings
Flavors: r-devel-linux-x86_64-fedora-clang, r-devel-linux-x86_64-fedora-gcc