Last updated on 2024-05-10 00:55:20 CEST.
Flavor | Version | Tinstall | Tcheck | Ttotal | Status | Flags |
---|---|---|---|---|---|---|
r-devel-linux-x86_64-debian-clang | 0.1.10 | 177.26 | 75.22 | 252.48 | OK | |
r-devel-linux-x86_64-debian-gcc | 0.1.10 | 131.68 | 53.11 | 184.79 | OK | |
r-devel-linux-x86_64-fedora-clang | 0.1.10 | 363.54 | OK | |||
r-devel-linux-x86_64-fedora-gcc | 0.1.10 | 410.54 | OK | |||
r-devel-windows-x86_64 | 0.1.10 | 124.00 | 107.00 | 231.00 | OK | |
r-patched-linux-x86_64 | 0.1.10 | 157.69 | 70.30 | 227.99 | OK | |
r-release-linux-x86_64 | 0.1.10 | 182.94 | 70.18 | 253.12 | OK | |
r-release-macos-arm64 | 0.1.10 | 68.00 | NOTE | |||
r-release-macos-x86_64 | 0.1.10 | 113.00 | NOTE | |||
r-release-windows-x86_64 | 0.1.10 | 129.00 | 104.00 | 233.00 | OK | |
r-oldrel-macos-arm64 | 0.1.10 | 72.00 | NOTE | |||
r-oldrel-macos-x86_64 | 0.1.10 | 110.00 | NOTE | |||
r-oldrel-windows-x86_64 | 0.1.10 | 161.00 | 123.00 | 284.00 | OK |
Version: 0.1.10
Check: installed package size
Result: NOTE
installed size is 9.7Mb
sub-directories of 1Mb or more:
libs 8.8Mb
Flavors: r-release-macos-arm64, r-release-macos-x86_64, r-oldrel-macos-arm64, r-oldrel-macos-x86_64