Last updated on 2025-05-23 13:49:45 CEST.
Flavor | Version | Tinstall | Tcheck | Ttotal | Status | Flags |
---|---|---|---|---|---|---|
r-devel-linux-x86_64-debian-clang | 0.1.10 | 109.99 | 59.07 | 169.06 | NOTE | |
r-devel-linux-x86_64-debian-gcc | 0.1.10 | 76.61 | 41.07 | 117.68 | NOTE | |
r-devel-linux-x86_64-fedora-clang | 0.1.10 | 344.33 | OK | |||
r-devel-linux-x86_64-fedora-gcc | 0.1.10 | 326.33 | OK | |||
r-devel-windows-x86_64 | 0.1.10 | 118.00 | 113.00 | 231.00 | OK | |
r-patched-linux-x86_64 | 0.1.10 | 109.53 | 54.36 | 163.89 | OK | |
r-release-linux-x86_64 | 0.1.10 | 112.39 | 54.31 | 166.70 | OK | |
r-release-macos-arm64 | 0.1.10 | 67.00 | OK | |||
r-release-macos-x86_64 | 0.1.10 | 91.00 | OK | |||
r-release-windows-x86_64 | 0.1.10 | 119.00 | 155.00 | 274.00 | OK | |
r-oldrel-macos-arm64 | 0.1.10 | 68.00 | NOTE | |||
r-oldrel-macos-x86_64 | 0.1.10 | 76.00 | NOTE | |||
r-oldrel-windows-x86_64 | 0.1.10 | 140.00 | 133.00 | 273.00 | OK |
Version: 0.1.10
Check: CRAN incoming feasibility
Result: NOTE
Maintainer: ‘Eduardo García-Portugués <edgarcia@est-econ.uc3m.es>’
The BugReports field in DESCRIPTION has
https://github.com/egarpor/sdetorus
which should likely be
https://github.com/egarpor/sdetorus/issues
instead.
Flavors: r-devel-linux-x86_64-debian-clang, r-devel-linux-x86_64-debian-gcc
Version: 0.1.10
Check: installed package size
Result: NOTE
installed size is 9.7Mb
sub-directories of 1Mb or more:
libs 8.8Mb
Flavors: r-oldrel-macos-arm64, r-oldrel-macos-x86_64