Last updated on 2024-04-20 08:51:12 CEST.
Flavor | Version | Tinstall | Tcheck | Ttotal | Status | Flags |
---|---|---|---|---|---|---|
r-devel-linux-x86_64-debian-clang | 0.32.6 | 96.63 | 178.22 | 274.85 | OK | |
r-devel-linux-x86_64-debian-gcc | 0.32.6 | 76.03 | 133.27 | 209.30 | OK | |
r-devel-linux-x86_64-fedora-clang | 0.32.6 | 375.25 | OK | |||
r-devel-linux-x86_64-fedora-gcc | 0.32.6 | 380.78 | OK | |||
r-prerel-macos-arm64 | 0.32.6 | 93.00 | NOTE | |||
r-prerel-windows-x86_64 | 0.32.6 | 92.00 | 158.00 | 250.00 | OK | |
r-patched-linux-x86_64 | 0.32.6 | 99.44 | 175.49 | 274.93 | OK | |
r-release-linux-x86_64 | 0.32.6 | 65.75 | 174.30 | 240.05 | OK | |
r-release-macos-arm64 | 0.32.6 | 95.00 | NOTE | |||
r-release-macos-x86_64 | 0.32.6 | 186.00 | NOTE | |||
r-release-windows-x86_64 | 0.32.6 | 109.00 | 207.00 | 316.00 | OK | |
r-oldrel-macos-arm64 | 0.32.6 | 81.00 | NOTE | |||
r-oldrel-windows-x86_64 | 0.32.6 | 95.00 | 196.00 | 291.00 | OK |
Version: 0.32.6
Check: installed package size
Result: NOTE
installed size is 7.7Mb
sub-directories of 1Mb or more:
R 2.1Mb
libs 5.3Mb
Flavors: r-prerel-macos-arm64, r-release-macos-arm64, r-release-macos-x86_64, r-oldrel-macos-arm64