CRAN Package Check Results for Package sdcMicro

Last updated on 2017-11-23 03:50:43 CET.

Flavor Version Tinstall Tcheck Ttotal Status Flags
r-devel-linux-x86_64-debian-clang 5.0.4 38.70 176.89 215.59 OK
r-devel-linux-x86_64-debian-gcc 5.0.4 43.33 243.30 286.62 OK
r-devel-linux-x86_64-fedora-clang 5.0.4 308.34 OK
r-devel-linux-x86_64-fedora-gcc 5.0.4 259.87 NOTE
r-devel-windows-ix86+x86_64 5.0.4 114.00 265.00 379.00 OK
r-patched-linux-x86_64 5.0.4 38.39 118.65 157.03 OK
r-patched-solaris-x86 5.0.4 439.30 OK
r-release-linux-x86_64 5.0.4 40.17 119.15 159.33 OK
r-release-windows-ix86+x86_64 5.0.4 106.00 257.00 363.00 OK
r-release-osx-x86_64 5.0.4 NOTE
r-oldrel-windows-ix86+x86_64 5.0.4 106.00 286.00 392.00 OK
r-oldrel-osx-x86_64 5.0.4 OK

Additional issues

clang-UBSAN gcc-UBSAN

Check Details

Version: 5.0.4
Check: installed package size
Result: NOTE
     installed size is 5.2Mb
     sub-directories of 1Mb or more:
     libs 2.1Mb
Flavor: r-devel-linux-x86_64-fedora-gcc

Version: 5.0.4
Check: re-building of vignette outputs
Result: NOTE
    Error in re-building vignettes:
     ...
     Pandoc (>= 1.12.3) and/or pandoc-citeproc not available. Falling back to R Markdown v1.
    Loading required package: sdcMicro
    --------
    This is sdcMicro v5.0.4.
    For references, please have a look at citation('sdcMicro')
    Note: since version 5.0.0, the graphical user-interface is a shiny-app that can be started with sdcApp().
    Please submit suggestions and bugs at: https://github.com/sdcTools/sdcMicro/issues
    --------
    Loading required package: xtable
    Error in texi2dvi(file = file, pdf = TRUE, clean = clean, quiet = quiet, :
     Running 'texi2dvi' on 'sdc_guidelines.tex' failed.
    LaTeX errors:
    ! LaTeX Error: File `lastpage.sty' not found.
    
    Type X to quit or <RETURN> to proceed,
    or enter new name. (Default extension: sty)
    
    ! Emergency stop.
    <read *>
    
    l.11 \usepackage
     {color,xcolor}^^M
    ! ==> Fatal error occurred, no output PDF file produced!
    Calls: buildVignettes -> texi2pdf -> texi2dvi
    Execution halted
Flavor: r-release-osx-x86_64