CRAN Package Check Results for Package sciplot

Last updated on 2025-05-22 23:52:26 CEST.

Flavor Version Tinstall Tcheck Ttotal Status Flags
r-devel-linux-x86_64-debian-clang 1.2-0 1.89 19.39 21.28 NOTE
r-devel-linux-x86_64-debian-gcc 1.2-0 1.48 15.41 16.89 NOTE
r-devel-linux-x86_64-fedora-clang 1.2-0 34.46 OK
r-devel-linux-x86_64-fedora-gcc 1.2-0 32.40 OK
r-devel-windows-x86_64 1.2-0 2.00 138.00 140.00 OK
r-patched-linux-x86_64 1.2-0 2.04 18.65 20.69 OK
r-release-linux-x86_64 1.2-0 1.87 18.44 20.31 OK
r-release-macos-arm64 1.2-0 26.00 OK
r-release-macos-x86_64 1.2-0 25.00 OK
r-release-windows-x86_64 1.2-0 2.00 50.00 52.00 OK
r-oldrel-macos-arm64 1.2-0 15.00 OK
r-oldrel-macos-x86_64 1.2-0 21.00 OK
r-oldrel-windows-x86_64 1.2-0 2.00 46.00 48.00 OK

Check Details

Version: 1.2-0
Check: CRAN incoming feasibility
Result: NOTE Maintainer: ‘Manuel Morales <Manuel.A.Morales@williams.edu>’ No Authors@R field in DESCRIPTION. Please add one, modifying Authors@R: c(person(given = "Manuel", family = "Morales", role = c("aut", "cre"), email = "mmorales@williams.edu"), person(given = c("with", "code", "developed", "by", "the", "R", "Development", "Core"), family = "Team", role = "aut"), person(given = c("with", "general", "advice", "from", "the", "R-help", "listserv"), family = "community", role = "aut"), person(given = c("especially", "Duncan"), family = "Murdoch.", role = "aut")) as necessary. Flavors: r-devel-linux-x86_64-debian-clang, r-devel-linux-x86_64-debian-gcc