Last updated on 2024-05-21 15:50:38 CEST.
Flavor | Version | Tinstall | Tcheck | Ttotal | Status | Flags |
---|---|---|---|---|---|---|
r-devel-linux-x86_64-debian-clang | 0.1 | 5.33 | 38.78 | 44.11 | NOTE | |
r-devel-linux-x86_64-debian-gcc | 0.1 | 3.62 | 29.63 | 33.25 | NOTE | |
r-devel-linux-x86_64-fedora-clang | 0.1 | 56.31 | NOTE | |||
r-devel-linux-x86_64-fedora-gcc | 0.1 | 51.37 | NOTE | |||
r-devel-windows-x86_64 | 0.1 | 5.00 | 50.00 | 55.00 | NOTE | |
r-patched-linux-x86_64 | 0.1 | 4.34 | 37.54 | 41.88 | NOTE | |
r-release-linux-x86_64 | 0.1 | 5.04 | 36.76 | 41.80 | NOTE | |
r-release-macos-arm64 | 0.1 | 21.00 | NOTE | |||
r-release-windows-x86_64 | 0.1 | 6.00 | 51.00 | 57.00 | NOTE | |
r-oldrel-macos-arm64 | 0.1 | 20.00 | NOTE | |||
r-oldrel-macos-x86_64 | 0.1 | 30.00 | NOTE | |||
r-oldrel-windows-x86_64 | 0.1 | 6.00 | 53.00 | 59.00 | NOTE |
Version: 0.1
Check: LazyData
Result: NOTE
'LazyData' is specified without a 'data' directory
Flavors: r-devel-linux-x86_64-debian-clang, r-devel-linux-x86_64-debian-gcc, r-devel-linux-x86_64-fedora-clang, r-devel-linux-x86_64-fedora-gcc, r-devel-windows-x86_64, r-patched-linux-x86_64, r-release-linux-x86_64, r-release-macos-arm64, r-release-windows-x86_64, r-oldrel-macos-arm64, r-oldrel-macos-x86_64, r-oldrel-windows-x86_64