CRAN Package Check Results for Package sarp.snowprofile.pyface

Last updated on 2025-07-27 22:49:59 CEST.

Flavor Version Tinstall Tcheck Ttotal Status Flags
r-devel-linux-x86_64-debian-clang 0.1.3 6.57 64.60 71.17 NOTE
r-devel-linux-x86_64-debian-gcc 0.1.3 4.67 49.59 54.26 NOTE
r-devel-linux-x86_64-fedora-clang 0.1.3 116.83 OK
r-devel-linux-x86_64-fedora-gcc 0.1.3 106.18 OK
r-devel-windows-x86_64 0.1.3 8.00 126.00 134.00 NOTE
r-patched-linux-x86_64 0.1.3 6.69 60.74 67.43 NOTE
r-release-linux-x86_64 0.1.3 5.53 61.25 66.78 NOTE
r-release-macos-arm64 0.1.3 38.00 OK
r-release-macos-x86_64 0.1.3 81.00 OK
r-release-windows-x86_64 0.1.3 7.00 99.00 106.00 NOTE
r-oldrel-macos-arm64 0.1.3 35.00 OK
r-oldrel-macos-x86_64 0.1.3 72.00 OK
r-oldrel-windows-x86_64 0.1.3 10.00 97.00 107.00 OK

Check Details

Version: 0.1.3
Check: Rd cross-references
Result: NOTE Found the following Rd file(s) with Rd \link{} targets missing package anchors: computeCritCutLength.Rd: snowprofileSet, snowprofile, snowprofileLayers computePunstable.Rd: snowprofileSet, snowprofile, snowprofileLayers Please provide package anchors for all Rd \link{} targets not in the package itself and the base packages. Flavors: r-devel-linux-x86_64-debian-clang, r-devel-linux-x86_64-debian-gcc, r-devel-windows-x86_64, r-patched-linux-x86_64, r-release-linux-x86_64, r-release-windows-x86_64