Last updated on 2024-05-13 09:50:58 CEST.
Flavor | Version | Tinstall | Tcheck | Ttotal | Status | Flags |
---|---|---|---|---|---|---|
r-devel-linux-x86_64-debian-clang | 0.6.1 | 7.02 | 82.24 | 89.26 | OK | |
r-devel-linux-x86_64-debian-gcc | 0.6.1 | 5.59 | 60.77 | 66.36 | OK | |
r-devel-linux-x86_64-fedora-clang | 0.6.1 | 112.23 | NOTE | |||
r-devel-linux-x86_64-fedora-gcc | 0.6.1 | 124.36 | NOTE | |||
r-devel-windows-x86_64 | 0.6.1 | 8.00 | 84.00 | 92.00 | OK | |
r-patched-linux-x86_64 | 0.6.1 | 9.06 | 77.98 | 87.04 | OK | |
r-release-linux-x86_64 | 0.6.1 | 5.62 | 78.13 | 83.75 | OK | |
r-release-macos-arm64 | 0.6.1 | 42.00 | OK | |||
r-release-windows-x86_64 | 0.6.1 | 9.00 | 83.00 | 92.00 | OK | |
r-oldrel-macos-arm64 | 0.6.1 | 43.00 | OK | |||
r-oldrel-macos-x86_64 | 0.6.1 | 64.00 | OK | |||
r-oldrel-windows-x86_64 | 0.6.1 | 10.00 | 94.00 | 104.00 | OK |
Version: 0.6.1
Check: data for non-ASCII characters
Result: NOTE
Note: found 120 marked UTF-8 strings
Flavors: r-devel-linux-x86_64-fedora-clang, r-devel-linux-x86_64-fedora-gcc