Last updated on 2025-05-24 04:49:25 CEST.
Flavor | Version | Tinstall | Tcheck | Ttotal | Status | Flags |
---|---|---|---|---|---|---|
r-devel-linux-x86_64-debian-clang | 1.0.2 | 2.85 | 27.67 | 30.52 | NOTE | |
r-devel-linux-x86_64-debian-gcc | 1.0.2 | 1.96 | 20.49 | 22.45 | NOTE | |
r-devel-linux-x86_64-fedora-clang | 1.0.2 | 47.83 | NOTE | |||
r-devel-linux-x86_64-fedora-gcc | 1.0.2 | 45.30 | NOTE | |||
r-devel-windows-x86_64 | 1.0.2 | 3.00 | 55.00 | 58.00 | NOTE | |
r-patched-linux-x86_64 | 1.0.2 | 3.34 | 26.31 | 29.65 | NOTE | |
r-release-linux-x86_64 | 1.0.2 | 2.72 | 26.16 | 28.88 | NOTE | |
r-release-macos-arm64 | 1.0.2 | 20.00 | NOTE | |||
r-release-macos-x86_64 | 1.0.2 | 39.00 | NOTE | |||
r-release-windows-x86_64 | 1.0.2 | 4.00 | 52.00 | 56.00 | NOTE | |
r-oldrel-macos-arm64 | 1.0.2 | 19.00 | NOTE | |||
r-oldrel-macos-x86_64 | 1.0.2 | 34.00 | NOTE | |||
r-oldrel-windows-x86_64 | 1.0.2 | 3.00 | 49.00 | 52.00 | NOTE |
Version: 1.0.2
Check: CRAN incoming feasibility
Result: NOTE
Maintainer: ‘Zhong Guan <zguan@iusb.edu>’
No Authors@R field in DESCRIPTION.
Please add one, modifying
Authors@R: person(given = "Zhong",
family = "Guan",
role = c("aut", "cre"),
email = "zguan@iusb.edu")
as necessary.
Flavors: r-devel-linux-x86_64-debian-clang, r-devel-linux-x86_64-debian-gcc
Version: 1.0.2
Check: Rd files
Result: NOTE
checkRd: (-1) BootsChapt.Rd:38: Escaped LaTeX specials: \&
checkRd: (-1) SemiparChangePoint.Rd:30: Escaped LaTeX specials: \&
checkRd: (-1) schapt.Rd:44: Escaped LaTeX specials: \&
Flavors: r-devel-linux-x86_64-debian-clang, r-devel-linux-x86_64-debian-gcc, r-devel-linux-x86_64-fedora-clang, r-devel-linux-x86_64-fedora-gcc, r-devel-windows-x86_64, r-patched-linux-x86_64, r-release-linux-x86_64, r-release-macos-arm64, r-release-macos-x86_64, r-release-windows-x86_64, r-oldrel-macos-arm64, r-oldrel-macos-x86_64, r-oldrel-windows-x86_64