Last updated on 2024-05-13 09:50:58 CEST.
Flavor | Version | Tinstall | Tcheck | Ttotal | Status | Flags |
---|---|---|---|---|---|---|
r-devel-linux-x86_64-debian-clang | 1.1.0 | 8.52 | 501.50 | 510.02 | NOTE | |
r-devel-linux-x86_64-debian-gcc | 1.1.0 | 6.81 | 377.61 | 384.42 | NOTE | |
r-devel-linux-x86_64-fedora-clang | 1.1.0 | 644.51 | NOTE | |||
r-devel-linux-x86_64-fedora-gcc | 1.1.0 | 696.59 | NOTE | |||
r-devel-windows-x86_64 | 1.1.0 | 7.00 | 499.00 | 506.00 | NOTE | |
r-patched-linux-x86_64 | 1.1.0 | 7.35 | 508.24 | 515.59 | NOTE | |
r-release-linux-x86_64 | 1.1.0 | 9.40 | 506.19 | 515.59 | NOTE | |
r-release-macos-arm64 | 1.1.0 | 186.00 | NOTE | |||
r-release-macos-x86_64 | 1.1.0 | 490.00 | NOTE | |||
r-release-windows-x86_64 | 1.1.0 | 8.00 | 466.00 | 474.00 | NOTE | |
r-oldrel-macos-arm64 | 1.1.0 | 175.00 | WARN | |||
r-oldrel-macos-x86_64 | 1.1.0 | 441.00 | WARN | |||
r-oldrel-windows-x86_64 | 1.1.0 | 11.00 | 483.00 | 494.00 | NOTE |
Version: 1.1.0
Check: dependencies in R code
Result: NOTE
'library' or 'require' calls in package code:
‘nimble’ ‘nimbleAPT’
Please use :: or requireNamespace() instead.
See section 'Suggested packages' in the 'Writing R Extensions' manual.
Flavors: r-devel-linux-x86_64-debian-clang, r-devel-linux-x86_64-debian-gcc, r-devel-linux-x86_64-fedora-clang, r-devel-linux-x86_64-fedora-gcc, r-devel-windows-x86_64, r-patched-linux-x86_64, r-release-linux-x86_64, r-release-macos-arm64, r-release-macos-x86_64, r-release-windows-x86_64, r-oldrel-macos-arm64, r-oldrel-macos-x86_64, r-oldrel-windows-x86_64
Version: 1.1.0
Check: DESCRIPTION meta-information
Result: WARN
Non-standard license specification:
CECILL-2.1
Standardizable: FALSE
Flavors: r-oldrel-macos-arm64, r-oldrel-macos-x86_64