CRAN Package Check Results for Package rrscale

Last updated on 2025-07-04 15:48:42 CEST.

Flavor Version Tinstall Tcheck Ttotal Status Flags
r-devel-linux-x86_64-debian-clang 1.0 2.33 44.41 46.74 NOTE
r-devel-linux-x86_64-debian-gcc 1.0 1.88 33.62 35.50 NOTE
r-devel-linux-x86_64-fedora-clang 1.0 72.48 NOTE
r-devel-linux-x86_64-fedora-gcc 1.0 82.25 NOTE
r-devel-windows-x86_64 1.0 4.00 62.00 66.00 OK
r-patched-linux-x86_64 1.0 2.39 42.20 44.59 OK
r-release-linux-x86_64 1.0 2.29 42.77 45.06 OK
r-release-macos-arm64 1.0 36.00 OK
r-release-macos-x86_64 1.0 80.00 OK
r-release-windows-x86_64 1.0 5.00 61.00 66.00 OK
r-oldrel-macos-arm64 1.0 31.00 NOTE
r-oldrel-macos-x86_64 1.0 50.00 NOTE
r-oldrel-windows-x86_64 1.0 4.00 71.00 75.00 NOTE

Check Details

Version: 1.0
Check: CRAN incoming feasibility
Result: NOTE Maintainer: ‘Gregory Hunt <ghunt@wm.edu>’ Package CITATION file contains call(s) to old-style personList() or as.personList(). Please use c() on person objects instead. Package CITATION file contains call(s) to old-style citEntry(). Please use bibentry() instead. Flavors: r-devel-linux-x86_64-debian-clang, r-devel-linux-x86_64-debian-gcc

Version: 1.0
Check: dependencies in R code
Result: NOTE Namespace in Imports field not imported from: ‘abind’ All declared Imports should be used. Flavors: r-devel-linux-x86_64-fedora-clang, r-devel-linux-x86_64-fedora-gcc

Version: 1.0
Check: LazyData
Result: NOTE 'LazyData' is specified without a 'data' directory Flavors: r-oldrel-macos-arm64, r-oldrel-macos-x86_64, r-oldrel-windows-x86_64