Last updated on 2024-05-04 12:48:09 CEST.
Flavor | Version | Tinstall | Tcheck | Ttotal | Status | Flags |
---|---|---|---|---|---|---|
r-devel-linux-x86_64-debian-clang | 0.3.0 | 3.28 | 38.75 | 42.03 | NOTE | |
r-devel-linux-x86_64-debian-gcc | 0.3.0 | 2.94 | 30.24 | 33.18 | NOTE | |
r-devel-linux-x86_64-fedora-clang | 0.3.0 | 55.46 | NOTE | |||
r-devel-linux-x86_64-fedora-gcc | 0.3.0 | 65.22 | NOTE | |||
r-devel-windows-x86_64 | 0.3.0 | 5.00 | 54.00 | 59.00 | NOTE | |
r-patched-linux-x86_64 | 0.3.0 | 2.95 | 38.06 | 41.01 | NOTE | |
r-release-linux-x86_64 | 0.3.0 | 3.17 | 37.29 | 40.46 | NOTE | |
r-release-macos-arm64 | 0.3.0 | 30.00 | NOTE | |||
r-release-windows-x86_64 | 0.3.0 | 5.00 | 52.00 | 57.00 | NOTE | |
r-oldrel-macos-arm64 | 0.3.0 | 29.00 | OK | |||
r-oldrel-macos-x86_64 | 0.3.0 | 41.00 | OK | |||
r-oldrel-windows-x86_64 | 0.3.0 | 5.00 | 54.00 | 59.00 | OK |
Version: 0.3.0
Check: Rd files
Result: NOTE
checkRd: (-1) rpivotTable.Rd:60: Lost braces; missing escapes or markup?
60 | An example is: onRefresh=htmlwidgets::JS("function(config) { Shiny.onInputChange('myPivotData', config); }")
| ^
Flavors: r-devel-linux-x86_64-debian-clang, r-devel-linux-x86_64-debian-gcc, r-devel-linux-x86_64-fedora-clang, r-devel-linux-x86_64-fedora-gcc, r-devel-windows-x86_64, r-patched-linux-x86_64, r-release-linux-x86_64, r-release-macos-arm64, r-release-windows-x86_64