CRAN Package Check Results for Package rpart.plot

Last updated on 2025-07-28 11:49:44 CEST.

Flavor Version Tinstall Tcheck Ttotal Status Flags
r-devel-linux-x86_64-debian-clang 3.1.2 8.04 49.69 57.73 NOTE
r-devel-linux-x86_64-debian-gcc 3.1.3 5.54 34.51 40.05 OK
r-devel-linux-x86_64-fedora-clang 3.1.3 93.18 OK
r-devel-linux-x86_64-fedora-gcc 3.1.3 89.83 OK
r-devel-windows-x86_64 3.1.3 10.00 67.00 77.00 OK
r-patched-linux-x86_64 3.1.2 7.58 46.65 54.23 NOTE
r-release-linux-x86_64 3.1.2 6.76 46.53 53.29 NOTE
r-release-macos-arm64 3.1.3 50.00 OK
r-release-macos-x86_64 3.1.3 72.00 OK
r-release-windows-x86_64 3.1.3 12.00 79.00 91.00 OK
r-oldrel-macos-arm64 3.1.3 48.00 OK
r-oldrel-macos-x86_64 3.1.3 67.00 OK
r-oldrel-windows-x86_64 3.1.3 14.00 75.00 89.00 OK

Check Details

Version: 3.1.2
Check: CRAN incoming feasibility
Result: NOTE Maintainer: ‘Stephen Milborrow <milbo@sonic.net>’ No Authors@R field in DESCRIPTION. Please add one, modifying Authors@R: person(given = "Stephen", family = "Milborrow", role = c("aut", "cre"), email = "milbo@sonic.net") as necessary. Flavor: r-devel-linux-x86_64-debian-clang

Version: 3.1.2
Check: Rd cross-references
Result: NOTE Found the following Rd file(s) with Rd \link{} targets missing package anchors: prp.Rd: rpart, rpart.object, text.rpart, plot.rpart rpart.plot.Rd: rpart, text.rpart, plot.rpart rpart.predict.Rd: predict.rpart rpart.rules.Rd: rpart Please provide package anchors for all Rd \link{} targets not in the package itself and the base packages. Flavors: r-devel-linux-x86_64-debian-clang, r-patched-linux-x86_64, r-release-linux-x86_64