Last updated on 2025-05-24 10:51:17 CEST.
Flavor | Version | Tinstall | Tcheck | Ttotal | Status | Flags |
---|---|---|---|---|---|---|
r-devel-linux-x86_64-debian-clang | 0.9.23 | 17.64 | 50.87 | 68.51 | OK | |
r-devel-linux-x86_64-debian-gcc | 0.9.23 | 15.26 | 36.45 | 51.71 | OK | |
r-devel-linux-x86_64-fedora-clang | 0.9.23 | 119.03 | OK | |||
r-devel-linux-x86_64-fedora-gcc | 0.9.23 | 133.29 | OK | |||
r-devel-windows-x86_64 | 0.9.23 | 28.00 | 136.00 | 164.00 | OK | |
r-patched-linux-x86_64 | 0.9.23 | 22.05 | 47.10 | 69.15 | OK | |
r-release-linux-x86_64 | 0.9.21 | 19.33 | 47.54 | 66.87 | OK | |
r-release-macos-arm64 | 0.9.23 | 85.00 | OK | |||
r-release-macos-x86_64 | 0.9.23 | 189.00 | OK | |||
r-release-windows-x86_64 | 0.9.23 | 29.00 | 124.00 | 153.00 | OK | |
r-oldrel-macos-arm64 | 0.9.23 | 49.00 | NOTE | |||
r-oldrel-macos-x86_64 | 0.9.23 | 182.00 | NOTE | |||
r-oldrel-windows-x86_64 | 0.9.23 | 32.00 | 105.00 | 137.00 | NOTE |
Version: 0.9.23
Check: for GNU extensions in Makefiles
Result: NOTE
GNU make is a SystemRequirements.
Flavors: r-oldrel-macos-arm64, r-oldrel-macos-x86_64, r-oldrel-windows-x86_64