Last updated on 2025-07-04 20:49:24 CEST.
Flavor | Version | Tinstall | Tcheck | Ttotal | Status | Flags |
---|---|---|---|---|---|---|
r-devel-linux-x86_64-debian-clang | 0.1 | 19.88 | 55.61 | 75.49 | NOTE | |
r-devel-linux-x86_64-debian-gcc | 0.1 | 12.95 | 38.23 | 51.18 | NOTE | |
r-devel-linux-x86_64-fedora-clang | 0.1 | 118.05 | OK | |||
r-devel-linux-x86_64-fedora-gcc | 0.1 | 120.67 | OK | |||
r-devel-windows-x86_64 | 0.1 | 25.00 | 66.00 | 91.00 | OK | |
r-patched-linux-x86_64 | 0.1 | 20.58 | 60.60 | 81.18 | OK | |
r-release-linux-x86_64 | 0.1 | 21.93 | 58.91 | 80.84 | OK | |
r-release-macos-arm64 | 0.1 | 46.00 | OK | |||
r-release-macos-x86_64 | 0.1 | 93.00 | OK | |||
r-release-windows-x86_64 | 0.1 | 26.00 | 66.00 | 92.00 | OK | |
r-oldrel-macos-arm64 | 0.1 | 42.00 | NOTE | |||
r-oldrel-macos-x86_64 | 0.1 | 66.00 | NOTE | |||
r-oldrel-windows-x86_64 | 0.1 | 31.00 | 77.00 | 108.00 | NOTE |
Version: 0.1
Check: CRAN incoming feasibility
Result: NOTE
Maintainer: ‘Paul Murrell <paul@stat.auckland.ac.nz>’
No Authors@R field in DESCRIPTION.
Please add one, modifying
Authors@R: person(given = "Paul",
family = "Murrell",
role = c("aut", "cre"),
email = "paul@stat.auckland.ac.nz")
as necessary.
Flavors: r-devel-linux-x86_64-debian-clang, r-devel-linux-x86_64-debian-gcc
Version: 0.1
Check: installed package size
Result: NOTE
installed size is 6.5Mb
sub-directories of 1Mb or more:
R 3.7Mb
extdata 2.7Mb
Flavors: r-oldrel-macos-arm64, r-oldrel-macos-x86_64, r-oldrel-windows-x86_64