Last updated on 2024-05-13 08:50:25 CEST.
Flavor | Version | Tinstall | Tcheck | Ttotal | Status | Flags |
---|---|---|---|---|---|---|
r-devel-linux-x86_64-debian-clang | 1.0.0 | 55.06 | 211.38 | 266.44 | NOTE | |
r-devel-linux-x86_64-debian-gcc | 1.0.0 | 43.64 | 153.85 | 197.49 | NOTE | |
r-devel-linux-x86_64-fedora-clang | 1.0.0 | 340.17 | NOTE | |||
r-devel-linux-x86_64-fedora-gcc | 1.0.0 | 384.08 | NOTE | |||
r-devel-windows-x86_64 | 1.0.0 | 48.00 | 181.00 | 229.00 | OK | |
r-patched-linux-x86_64 | 1.0.0 | 58.38 | 201.19 | 259.57 | NOTE | |
r-release-linux-x86_64 | 1.0.0 | 45.62 | 206.44 | 252.06 | NOTE | |
r-release-macos-arm64 | 1.0.0 | 83.00 | NOTE | |||
r-release-windows-x86_64 | 1.0.0 | 46.00 | 179.00 | 225.00 | OK | |
r-oldrel-macos-arm64 | 1.0.0 | 99.00 | NOTE | |||
r-oldrel-macos-x86_64 | 1.0.0 | 149.00 | NOTE | |||
r-oldrel-windows-x86_64 | 1.0.0 | 60.00 | 233.00 | 293.00 | OK |
Version: 1.0.0
Check: C++ specification
Result: NOTE
Specified C++11: please drop specification unless essential
Flavors: r-devel-linux-x86_64-debian-clang, r-devel-linux-x86_64-debian-gcc, r-devel-linux-x86_64-fedora-clang, r-devel-linux-x86_64-fedora-gcc, r-patched-linux-x86_64, r-release-linux-x86_64, r-release-macos-arm64, r-oldrel-macos-arm64, r-oldrel-macos-x86_64