CRAN Package Check Results for Package robustfa

Last updated on 2025-05-27 22:52:26 CEST.

Flavor Version Tinstall Tcheck Ttotal Status Flags
r-devel-linux-x86_64-debian-clang 1.1-0 3.79 70.73 74.52 NOTE
r-devel-linux-x86_64-debian-gcc 1.1-0 3.54 53.79 57.33 NOTE
r-devel-linux-x86_64-fedora-clang 1.1-0 122.67 OK
r-devel-linux-x86_64-fedora-gcc 1.1-0 131.78 OK
r-devel-windows-x86_64 1.1-0 7.00 116.00 123.00 NOTE
r-patched-linux-x86_64 1.1-0 6.98 68.36 75.34 NOTE
r-release-linux-x86_64 1.1-0 4.16 68.48 72.64 NOTE
r-release-macos-arm64 1.1-0 66.00 OK
r-release-macos-x86_64 1.1-0 97.00 OK
r-release-windows-x86_64 1.1-0 7.00 125.00 132.00 NOTE
r-oldrel-macos-arm64 1.1-0 46.00 OK
r-oldrel-macos-x86_64 1.1-0 122.00 OK
r-oldrel-windows-x86_64 1.1-0 10.00 131.00 141.00 OK

Check Details

Version: 1.1-0
Check: Rd cross-references
Result: NOTE Found the following Rd file(s) with Rd \link{} targets missing package anchors: FaCov.Rd: CovControl-class, CovControlMcd-class, CovMcd, CovClassic myplotDD.Rd: CovClassic, getDistance Please provide package anchors for all Rd \link{} targets not in the package itself and the base packages. Flavors: r-devel-linux-x86_64-debian-clang, r-devel-linux-x86_64-debian-gcc, r-devel-windows-x86_64, r-patched-linux-x86_64, r-release-linux-x86_64, r-release-windows-x86_64