Last updated on 2025-07-04 20:49:24 CEST.
Flavor | Version | Tinstall | Tcheck | Ttotal | Status | Flags |
---|---|---|---|---|---|---|
r-devel-linux-x86_64-debian-clang | 1.2 | 16.27 | 125.72 | 141.99 | NOTE | |
r-devel-linux-x86_64-debian-gcc | 1.2 | 9.15 | 85.93 | 95.08 | NOTE | |
r-devel-linux-x86_64-fedora-clang | 1.2 | 212.37 | OK | |||
r-devel-linux-x86_64-fedora-gcc | 1.2 | 210.99 | OK | |||
r-devel-windows-x86_64 | 1.2 | 18.00 | 123.00 | 141.00 | OK | |
r-patched-linux-x86_64 | 1.2 | 13.24 | 118.08 | 131.32 | OK | |
r-release-linux-x86_64 | 1.2 | 14.59 | 117.04 | 131.63 | OK | |
r-release-macos-arm64 | 1.2 | 56.00 | OK | |||
r-release-macos-x86_64 | 1.2 | 125.00 | OK | |||
r-release-windows-x86_64 | 1.2 | 16.00 | 124.00 | 140.00 | OK | |
r-oldrel-macos-arm64 | 1.2 | 52.00 | OK | |||
r-oldrel-macos-x86_64 | 1.2 | 85.00 | OK | |||
r-oldrel-windows-x86_64 | 1.2 | 21.00 | 161.00 | 182.00 | OK |
Version: 1.2
Check: CRAN incoming feasibility
Result: NOTE
Maintainer: ‘Ufuk Beyaztas <ufukbeyaztas@gmail.com>’
The Description field contains
<arXiv:2111.01238> and Beyaztas, U., and Shang, H. L. (2022)
<arXiv:2203.05065>.
Please refer to arXiv e-prints via their arXiv DOI <doi:10.48550/arXiv.YYMM.NNNNN>.
Flavors: r-devel-linux-x86_64-debian-clang, r-devel-linux-x86_64-debian-gcc