Last updated on 2024-04-28 07:55:19 CEST.
Flavor | Version | Tinstall | Tcheck | Ttotal | Status | Flags |
---|---|---|---|---|---|---|
r-devel-linux-x86_64-debian-clang | 1.0.0.1 | 5.26 | 50.63 | 55.89 | NOTE | |
r-devel-linux-x86_64-debian-gcc | 1.0.0.1 | 5.08 | 37.79 | 42.87 | NOTE | |
r-devel-linux-x86_64-fedora-clang | 1.0.0.1 | 73.55 | NOTE | |||
r-devel-linux-x86_64-fedora-gcc | 1.0.0.1 | 80.29 | NOTE | |||
r-devel-windows-x86_64 | 1.0.0.1 | 7.00 | 58.00 | 65.00 | NOTE | |
r-patched-linux-x86_64 | 1.0.0.1 | 4.44 | 47.81 | 52.25 | NOTE | |
r-release-linux-x86_64 | 1.0.0.1 | 3.57 | 47.09 | 50.66 | NOTE | |
r-release-macos-arm64 | 1.0.0.1 | 31.00 | NOTE | |||
r-release-windows-x86_64 | 1.0.0.1 | 7.00 | 58.00 | 65.00 | NOTE | |
r-oldrel-macos-arm64 | 1.0.0.1 | 30.00 | NOTE | |||
r-oldrel-macos-x86_64 | 1.0.0.1 | 46.00 | NOTE | |||
r-oldrel-windows-x86_64 | 1.0.0.1 | 8.00 | 62.00 | 70.00 | NOTE |
Version: 1.0.0.1
Check: LazyData
Result: NOTE
'LazyData' is specified without a 'data' directory
Flavors: r-devel-linux-x86_64-debian-clang, r-devel-linux-x86_64-debian-gcc, r-devel-linux-x86_64-fedora-clang, r-devel-linux-x86_64-fedora-gcc, r-devel-windows-x86_64, r-patched-linux-x86_64, r-release-linux-x86_64, r-release-macos-arm64, r-release-windows-x86_64, r-oldrel-macos-arm64, r-oldrel-macos-x86_64, r-oldrel-windows-x86_64