Last updated on 2025-07-04 07:49:39 CEST.
Flavor | Version | Tinstall | Tcheck | Ttotal | Status | Flags |
---|---|---|---|---|---|---|
r-devel-linux-x86_64-debian-clang | 0.0.3 | 1.60 | 16.21 | 17.81 | NOTE | |
r-devel-linux-x86_64-debian-gcc | 0.0.3 | 1.31 | 14.62 | 15.93 | NOTE | |
r-devel-linux-x86_64-fedora-clang | 0.0.3 | 27.37 | OK | |||
r-devel-linux-x86_64-fedora-gcc | 0.0.3 | 26.13 | OK | |||
r-devel-windows-x86_64 | 0.0.3 | 2.00 | 34.00 | 36.00 | OK | |
r-patched-linux-x86_64 | 0.0.3 | 1.71 | 15.47 | 17.18 | OK | |
r-release-linux-x86_64 | 0.0.3 | 1.54 | 15.22 | 16.76 | OK | |
r-release-macos-arm64 | 0.0.3 | 14.00 | OK | |||
r-release-macos-x86_64 | 0.0.3 | 20.00 | OK | |||
r-release-windows-x86_64 | 0.0.3 | 2.00 | 36.00 | 38.00 | OK | |
r-oldrel-macos-arm64 | 0.0.3 | 13.00 | OK | |||
r-oldrel-macos-x86_64 | 0.0.3 | 19.00 | OK | |||
r-oldrel-windows-x86_64 | 0.0.3 | 2.00 | 34.00 | 36.00 | OK |
Version: 0.0.3
Check: CRAN incoming feasibility
Result: NOTE
Maintainer: ‘Dirk Eddelbuettel <edd@debian.org>’
No Authors@R field in DESCRIPTION.
Please add one, modifying
Authors@R: person(given = "Dirk",
family = "Eddelbuettel",
role = c("aut", "cre"),
email = "edd@debian.org")
as necessary.
Flavors: r-devel-linux-x86_64-debian-clang, r-devel-linux-x86_64-debian-gcc