Last updated on 2025-05-23 19:53:37 CEST.
Flavor | Version | Tinstall | Tcheck | Ttotal | Status | Flags |
---|---|---|---|---|---|---|
r-devel-linux-x86_64-debian-clang | 0.1.16 | 1117.23 | 189.94 | 1307.17 | OK | |
r-devel-linux-x86_64-debian-gcc | 0.1.16 | 1104.25 | 228.48 | 1332.73 | OK | |
r-devel-linux-x86_64-fedora-clang | 0.1.16 | 2036.40 | OK | |||
r-devel-linux-x86_64-fedora-gcc | 0.1.16 | 3237.18 | OK | |||
r-devel-windows-x86_64 | 0.1.16 | 1288.00 | 378.00 | 1666.00 | OK | |
r-patched-linux-x86_64 | 0.1.16 | 1372.09 | 310.14 | 1682.23 | OK | |
r-release-linux-x86_64 | 0.1.16 | 1340.40 | 307.97 | 1648.37 | OK | |
r-release-macos-arm64 | 0.1.16 | 504.00 | OK | |||
r-release-macos-x86_64 | 0.1.16 | 696.00 | OK | |||
r-release-windows-x86_64 | 0.1.16 | 1284.00 | 364.00 | 1648.00 | OK | |
r-oldrel-macos-arm64 | 0.1.16 | 283.00 | NOTE | |||
r-oldrel-macos-x86_64 | 0.1.16 | 215.00 | NOTE | |||
r-oldrel-windows-x86_64 | 0.1.16 | 1439.00 | 393.00 | 1832.00 | NOTE |
Version: 0.1.16
Check: installed package size
Result: NOTE
installed size is 143.2Mb
sub-directories of 1Mb or more:
libs 142.8Mb
Flavors: r-oldrel-macos-arm64, r-oldrel-macos-x86_64, r-oldrel-windows-x86_64
Version: 0.1.16
Check: for GNU extensions in Makefiles
Result: NOTE
GNU make is a SystemRequirements.
Flavors: r-oldrel-macos-arm64, r-oldrel-macos-x86_64, r-oldrel-windows-x86_64