CRAN Package Check Results for Package rly

Last updated on 2025-07-04 02:52:00 CEST.

Flavor Version Tinstall Tcheck Ttotal Status Flags
r-devel-linux-x86_64-debian-clang 1.7.4 14.79 43.72 58.51 NOTE
r-devel-linux-x86_64-debian-gcc 1.7.4 9.97 31.89 41.86 NOTE
r-devel-linux-x86_64-fedora-clang 1.7.4 90.67 OK
r-devel-linux-x86_64-fedora-gcc 1.7.4 99.66 OK
r-devel-windows-x86_64 1.7.4 18.00 67.00 85.00 NOTE
r-patched-linux-x86_64 1.7.4 14.13 41.07 55.20 NOTE
r-release-linux-x86_64 1.7.4 13.43 41.17 54.60 NOTE
r-release-macos-arm64 1.7.4 40.00 OK
r-release-macos-x86_64 1.7.4 68.00 OK
r-release-windows-x86_64 1.7.4 19.00 66.00 85.00 NOTE
r-oldrel-macos-arm64 1.7.4 36.00 OK
r-oldrel-macos-x86_64 1.7.4 52.00 OK
r-oldrel-windows-x86_64 1.7.4 24.00 83.00 107.00 OK

Check Details

Version: 1.7.4
Check: Rd cross-references
Result: NOTE Found the following Rd file(s) with Rd \link{} targets missing package anchors: LRParser.Rd: R6Class LexToken.Rd: R6Class Lexer.Rd: R6Class NullLogger.Rd: R6Class RlyLogger.Rd: R6Class YaccProduction.Rd: R6Class Please provide package anchors for all Rd \link{} targets not in the package itself and the base packages. Flavors: r-devel-linux-x86_64-debian-clang, r-devel-linux-x86_64-debian-gcc, r-devel-windows-x86_64, r-patched-linux-x86_64, r-release-linux-x86_64, r-release-windows-x86_64