Last updated on 2024-05-13 07:50:13 CEST.
Flavor | Version | Tinstall | Tcheck | Ttotal | Status | Flags |
---|---|---|---|---|---|---|
r-devel-linux-x86_64-debian-clang | 0.4.1 | 16.32 | 100.04 | 116.36 | NOTE | |
r-devel-linux-x86_64-debian-gcc | 0.4.1 | 10.35 | 72.85 | 83.20 | NOTE | |
r-devel-linux-x86_64-fedora-clang | 0.4.1 | 143.18 | NOTE | |||
r-devel-linux-x86_64-fedora-gcc | 0.4.1 | 183.29 | NOTE | |||
r-devel-windows-x86_64 | 0.4.1 | 13.00 | 91.00 | 104.00 | NOTE | |
r-patched-linux-x86_64 | 0.4.1 | 8.51 | 95.44 | 103.95 | NOTE | |
r-release-linux-x86_64 | 0.4.1 | 8.89 | 95.63 | 104.52 | NOTE | |
r-release-macos-arm64 | 0.4.1 | 40.00 | NOTE | |||
r-release-windows-x86_64 | 0.4.1 | 15.00 | 93.00 | 108.00 | NOTE | |
r-oldrel-macos-arm64 | 0.4.1 | 40.00 | NOTE | |||
r-oldrel-macos-x86_64 | 0.4.1 | 67.00 | NOTE | |||
r-oldrel-windows-x86_64 | 0.4.1 | 16.00 | 108.00 | 124.00 | NOTE |
Version: 0.4.1
Check: LazyData
Result: NOTE
'LazyData' is specified without a 'data' directory
Flavors: r-devel-linux-x86_64-debian-clang, r-devel-linux-x86_64-debian-gcc, r-devel-linux-x86_64-fedora-clang, r-devel-linux-x86_64-fedora-gcc, r-devel-windows-x86_64, r-patched-linux-x86_64, r-release-linux-x86_64, r-release-macos-arm64, r-release-windows-x86_64, r-oldrel-macos-arm64, r-oldrel-macos-x86_64, r-oldrel-windows-x86_64