Last updated on 2025-07-04 19:50:28 CEST.
Flavor | Version | Tinstall | Tcheck | Ttotal | Status | Flags |
---|---|---|---|---|---|---|
r-devel-linux-x86_64-debian-clang | 0.1.1 | 7.64 | 452.21 | 459.85 | NOTE | |
r-devel-linux-x86_64-debian-gcc | 0.1.1 | 4.61 | 296.68 | 301.29 | NOTE | |
r-devel-linux-x86_64-fedora-clang | 0.1.1 | 723.11 | OK | |||
r-devel-linux-x86_64-fedora-gcc | 0.1.1 | 725.63 | OK | |||
r-devel-windows-x86_64 | 0.1.1 | 9.00 | 467.00 | 476.00 | OK | |
r-patched-linux-x86_64 | 0.1.1 | 6.51 | 434.11 | 440.62 | OK | |
r-release-linux-x86_64 | 0.1.1 | 7.66 | 429.27 | 436.93 | OK | |
r-release-macos-arm64 | 0.1.1 | 257.00 | OK | |||
r-release-macos-x86_64 | 0.1.1 | 883.00 | OK | |||
r-release-windows-x86_64 | 0.1.1 | 10.00 | 474.00 | 484.00 | OK | |
r-oldrel-macos-arm64 | 0.1.1 | 246.00 | OK | |||
r-oldrel-macos-x86_64 | 0.1.1 | 410.00 | OK | |||
r-oldrel-windows-x86_64 | 0.1.1 | 12.00 | 627.00 | 639.00 | OK |
Version: 0.1.1
Check: CRAN incoming feasibility
Result: NOTE
Maintainer: ‘Maeve Upton <uptonmaeve010@gmail.com>’
The Description field contains
et al 2023) <arXiv:2301.09556>, spatio-temporal splines (Upton et al
2023) <arXiv:2301.09556> and generalised additive models (Upton et al
2023) <arXiv:2301.09556>. This package facilitates data loading, model
Please refer to arXiv e-prints via their arXiv DOI <doi:10.48550/arXiv.YYMM.NNNNN>.
Flavors: r-devel-linux-x86_64-debian-clang, r-devel-linux-x86_64-debian-gcc