CRAN Package Check Results for Package rematch2

Last updated on 2025-05-22 23:52:24 CEST.

Flavor Version Tinstall Tcheck Ttotal Status Flags
r-devel-linux-x86_64-debian-clang 2.1.2 2.74 33.15 35.89 OK
r-devel-linux-x86_64-debian-gcc 2.1.2 2.54 24.97 27.51 OK
r-devel-linux-x86_64-fedora-clang 2.1.2 56.42 OK
r-devel-linux-x86_64-fedora-gcc 2.1.2 53.02 OK
r-devel-windows-x86_64 2.1.2 7.00 91.00 98.00 OK
r-patched-linux-x86_64 2.1.2 3.60 30.17 33.77 OK
r-release-linux-x86_64 2.1.2 3.32 30.48 33.80 OK
r-release-macos-arm64 2.1.2 27.00 OK
r-release-macos-x86_64 2.1.2 41.00 OK
r-release-windows-x86_64 2.1.2 5.00 81.00 86.00 OK
r-oldrel-macos-arm64 2.1.2 22.00 NOTE
r-oldrel-macos-x86_64 2.1.2 31.00 NOTE
r-oldrel-windows-x86_64 2.1.2 6.00 62.00 68.00 NOTE

Check Details

Version: 2.1.2
Check: LazyData
Result: NOTE 'LazyData' is specified without a 'data' directory Flavors: r-oldrel-macos-arm64, r-oldrel-macos-x86_64, r-oldrel-windows-x86_64