Last updated on 2025-05-22 23:52:24 CEST.
Flavor | Version | Tinstall | Tcheck | Ttotal | Status | Flags |
---|---|---|---|---|---|---|
r-devel-linux-x86_64-debian-clang | 0.1.5 | 1.67 | 19.17 | 20.84 | NOTE | |
r-devel-linux-x86_64-debian-gcc | 0.1.5 | 1.36 | 15.24 | 16.60 | NOTE | |
r-devel-linux-x86_64-fedora-clang | 0.1.5 | 31.94 | OK | |||
r-devel-linux-x86_64-fedora-gcc | 0.1.5 | 43.46 | OK | |||
r-devel-windows-x86_64 | 0.1.5 | 3.00 | 77.00 | 80.00 | OK | |
r-patched-linux-x86_64 | 0.1.5 | 1.70 | 18.35 | 20.05 | OK | |
r-release-linux-x86_64 | 0.1.5 | 1.65 | 18.30 | 19.95 | OK | |
r-release-macos-arm64 | 0.1.5 | 18.00 | OK | |||
r-release-macos-x86_64 | 0.1.5 | 35.00 | OK | |||
r-release-windows-x86_64 | 0.1.5 | 3.00 | 60.00 | 63.00 | OK | |
r-oldrel-macos-arm64 | 0.1.5 | 21.00 | OK | |||
r-oldrel-macos-x86_64 | 0.1.5 | 31.00 | OK | |||
r-oldrel-windows-x86_64 | 0.1.5 | 4.00 | 46.00 | 50.00 | OK |
Version: 0.1.5
Check: CRAN incoming feasibility
Result: NOTE
Maintainer: ‘Calli Gross <calli@calligross.de>’
No Authors@R field in DESCRIPTION.
Please add one, modifying
Authors@R: person(given = "Calli",
family = "Gross",
role = c("aut", "cre"),
email = "calli@calligross.de")
as necessary.
Flavors: r-devel-linux-x86_64-debian-clang, r-devel-linux-x86_64-debian-gcc