Last updated on 2025-05-24 04:49:24 CEST.
Flavor | Version | Tinstall | Tcheck | Ttotal | Status | Flags |
---|---|---|---|---|---|---|
r-devel-linux-x86_64-debian-clang | 1.0 | 18.00 | 129.83 | 147.83 | NOTE | |
r-devel-linux-x86_64-debian-gcc | 1.0 | 11.93 | 90.53 | 102.46 | NOTE | |
r-devel-linux-x86_64-fedora-clang | 1.0 | 224.10 | OK | |||
r-devel-linux-x86_64-fedora-gcc | 1.0 | 213.68 | OK | |||
r-devel-windows-x86_64 | 1.0 | 18.00 | 128.00 | 146.00 | NOTE | |
r-patched-linux-x86_64 | 1.0 | 16.56 | 122.05 | 138.61 | NOTE | |
r-release-linux-x86_64 | 1.0 | 15.63 | 122.89 | 138.52 | NOTE | |
r-release-macos-arm64 | 1.0 | 47.00 | OK | |||
r-release-macos-x86_64 | 1.0 | 105.00 | OK | |||
r-release-windows-x86_64 | 1.0 | 20.00 | 165.00 | 185.00 | NOTE | |
r-oldrel-macos-arm64 | 1.0 | 53.00 | OK | |||
r-oldrel-macos-x86_64 | 1.0 | 77.00 | OK | |||
r-oldrel-windows-x86_64 | 1.0 | 23.00 | 156.00 | 179.00 | OK |
Version: 1.0
Check: Rd cross-references
Result: NOTE
Found the following Rd file(s) with Rd \link{} targets missing package
anchors:
plot_shiny.Rd: fpca.sc, fpca.face, fpca.ssvd, fpca2s, bayes_fosr,
mfpca.sc
Please provide package anchors for all Rd \link{} targets not in the
package itself and the base packages.
Flavors: r-devel-linux-x86_64-debian-clang, r-devel-linux-x86_64-debian-gcc, r-devel-windows-x86_64, r-patched-linux-x86_64, r-release-linux-x86_64, r-release-windows-x86_64