Last updated on 2024-05-11 08:48:45 CEST.
Flavor | Version | Tinstall | Tcheck | Ttotal | Status | Flags |
---|---|---|---|---|---|---|
r-devel-linux-x86_64-debian-clang | 1.0.6 | 3.32 | 40.12 | 43.44 | OK | |
r-devel-linux-x86_64-debian-gcc | 1.0.6 | 2.63 | 31.20 | 33.83 | OK | |
r-devel-linux-x86_64-fedora-clang | 1.0.6 | 57.03 | NOTE | |||
r-devel-linux-x86_64-fedora-gcc | 1.0.6 | 72.61 | NOTE | |||
r-devel-windows-x86_64 | 1.0.6 | 4.00 | 51.00 | 55.00 | OK | |
r-patched-linux-x86_64 | 1.0.6 | 3.11 | 39.28 | 42.39 | OK | |
r-release-linux-x86_64 | 1.0.6 | 3.31 | 39.67 | 42.98 | OK | |
r-release-macos-arm64 | 1.0.6 | 25.00 | OK | |||
r-release-windows-x86_64 | 1.0.6 | 4.00 | 59.00 | 63.00 | OK | |
r-oldrel-macos-arm64 | 1.0.6 | 35.00 | OK | |||
r-oldrel-macos-x86_64 | 1.0.6 | 64.00 | OK | |||
r-oldrel-windows-x86_64 | 1.0.6 | 6.00 | 52.00 | 58.00 | OK |
Version: 1.0.6
Check: data for non-ASCII characters
Result: NOTE
Note: found 2 marked UTF-8 strings
Flavors: r-devel-linux-x86_64-fedora-clang, r-devel-linux-x86_64-fedora-gcc