CRAN Package Check Results for Package redcas

Last updated on 2025-05-23 15:49:25 CEST.

Flavor Version Tinstall Tcheck Ttotal Status Flags
r-devel-linux-x86_64-debian-clang 0.1.1 3.27 37.21 40.48 NOTE
r-devel-linux-x86_64-debian-gcc 0.1.1 2.13 29.70 31.83 NOTE
r-devel-linux-x86_64-fedora-clang 0.1.1 65.61 NOTE
r-devel-linux-x86_64-fedora-gcc 0.1.1 63.18 NOTE
r-patched-linux-x86_64 0.1.1 3.15 35.59 38.74 NOTE
r-release-linux-x86_64 0.1.1 2.52 35.63 38.15 NOTE
r-release-macos-arm64 0.1.1 23.00 NOTE
r-release-macos-x86_64 0.1.1 39.00 NOTE
r-oldrel-macos-arm64 0.1.1 28.00 OK
r-oldrel-macos-x86_64 0.1.1 63.00 OK

Check Details

Version: 0.1.1
Check: DESCRIPTION meta-information
Result: NOTE Missing dependency on R >= 4.1.0 because package code uses the pipe |> or function shorthand \(...) syntax added in R 4.1.0. File(s) using such syntax: ‘redSolve.R’ Flavors: r-devel-linux-x86_64-debian-clang, r-devel-linux-x86_64-debian-gcc, r-devel-linux-x86_64-fedora-clang, r-devel-linux-x86_64-fedora-gcc, r-patched-linux-x86_64, r-release-linux-x86_64, r-release-macos-arm64, r-release-macos-x86_64