CRAN Package Check Results for Package reclin2

Last updated on 2025-07-04 12:49:10 CEST.

Flavor Version Tinstall Tcheck Ttotal Status Flags
r-devel-linux-x86_64-debian-clang 0.5.0 15.77 68.30 84.07 NOTE
r-devel-linux-x86_64-debian-gcc 0.5.0 11.06 49.51 60.57 NOTE
r-devel-linux-x86_64-fedora-clang 0.5.0 134.02 OK
r-devel-linux-x86_64-fedora-gcc 0.5.0 133.69 OK
r-devel-windows-x86_64 0.5.0 22.00 115.00 137.00 NOTE
r-patched-linux-x86_64 0.5.0 16.40 60.07 76.47 NOTE
r-release-linux-x86_64 0.5.0 15.67 60.23 75.90 NOTE
r-release-macos-arm64 0.5.0 55.00 OK
r-release-macos-x86_64 0.5.0 100.00 OK
r-release-windows-x86_64 0.5.0 20.00 122.00 142.00 NOTE
r-oldrel-macos-arm64 0.5.0 56.00 OK
r-oldrel-macos-x86_64 0.5.0 79.00 OK
r-oldrel-windows-x86_64 0.5.0 25.00 136.00 161.00 OK

Check Details

Version: 0.5.0
Check: Rd cross-references
Result: NOTE Found the following Rd file(s) with Rd \link{} targets missing package anchors: add_from_x.Rd: data.table comparators.Rd: stringdist compare_pairs.Rd: data.table compare_vars.Rd: data.table get_inspect_pairs.Rd: data.table pair.Rd: data.table pair_blocking.Rd: data.table pair_minsim.Rd: data.table Please provide package anchors for all Rd \link{} targets not in the package itself and the base packages. Flavors: r-devel-linux-x86_64-debian-clang, r-devel-linux-x86_64-debian-gcc, r-devel-windows-x86_64, r-patched-linux-x86_64, r-release-linux-x86_64, r-release-windows-x86_64