CRAN Package Check Results for Package rebus.datetimes

Last updated on 2025-05-22 17:53:45 CEST.

Flavor Version Tinstall Tcheck Ttotal Status Flags
r-devel-linux-x86_64-debian-clang 0.0-2 1.88 21.25 23.13 NOTE
r-devel-linux-x86_64-debian-gcc 0.0-2 1.45 17.25 18.70 NOTE
r-devel-linux-x86_64-fedora-clang 0.0-2 37.58 OK
r-devel-linux-x86_64-fedora-gcc 0.0-2 35.11 OK
r-devel-windows-x86_64 0.0-2 3.00 63.00 66.00 NOTE
r-patched-linux-x86_64 0.0-2 1.74 20.17 21.91 NOTE
r-release-linux-x86_64 0.0-2 1.60 20.22 21.82 NOTE
r-release-macos-arm64 0.0-2 20.00 OK
r-release-macos-x86_64 0.0-2 29.00 OK
r-release-windows-x86_64 0.0-2 3.00 77.00 80.00 NOTE
r-oldrel-macos-arm64 0.0-2 17.00 OK
r-oldrel-macos-x86_64 0.0-2 24.00 OK
r-oldrel-windows-x86_64 0.0-2 3.00 51.00 54.00 OK

Check Details

Version: 0.0-2
Check: Rd cross-references
Result: NOTE Found the following Rd file(s) with Rd \link{} targets missing package anchors: DateTime.Rd: ClassGroups Please provide package anchors for all Rd \link{} targets not in the package itself and the base packages. Flavors: r-devel-linux-x86_64-debian-clang, r-devel-linux-x86_64-debian-gcc, r-devel-windows-x86_64, r-patched-linux-x86_64, r-release-linux-x86_64, r-release-windows-x86_64