Last updated on 2024-04-28 04:58:54 CEST.
Flavor | Version | Tinstall | Tcheck | Ttotal | Status | Flags |
---|---|---|---|---|---|---|
r-devel-linux-x86_64-debian-clang | 1.4.3 | 32.92 | 50.54 | 83.46 | NOTE | |
r-devel-linux-x86_64-debian-gcc | 1.4.3 | 26.13 | 38.25 | 64.38 | NOTE | |
r-devel-linux-x86_64-fedora-clang | 1.4.3 | 116.05 | NOTE | |||
r-devel-linux-x86_64-fedora-gcc | 1.4.3 | 128.24 | NOTE | |||
r-devel-windows-x86_64 | 1.4.3 | 33.00 | 86.00 | 119.00 | NOTE | |
r-patched-linux-x86_64 | 1.4.3 | 37.98 | 49.01 | 86.99 | OK | |
r-release-linux-x86_64 | 1.4.3 | 31.56 | 46.11 | 77.67 | OK | |
r-release-macos-arm64 | 1.4.3 | 40.00 | OK | |||
r-release-windows-x86_64 | 1.4.3 | 34.00 | 86.00 | 120.00 | OK | |
r-oldrel-macos-arm64 | 1.4.3 | 43.00 | OK | |||
r-oldrel-macos-x86_64 | 1.4.3 | 93.00 | OK | |||
r-oldrel-windows-x86_64 | 1.4.3 | 39.00 | 92.00 | 131.00 | OK |
Version: 1.4.3
Check: compiled code
Result: NOTE
File ‘readxl/libs/readxl.so’:
Found non-API calls to R: ‘Rf_StringFalse’, ‘Rf_StringTrue’,
‘SETLENGTH’, ‘SET_TRUELENGTH’
Compiled code should not call non-API entry points in R.
See ‘Writing portable packages’ in the ‘Writing R Extensions’ manual.
Flavors: r-devel-linux-x86_64-debian-clang, r-devel-linux-x86_64-debian-gcc, r-devel-linux-x86_64-fedora-clang, r-devel-linux-x86_64-fedora-gcc
Version: 1.4.3
Check: compiled code
Result: NOTE
File 'readxl/libs/x64/readxl.dll':
Found non-API calls to R: 'Rf_StringFalse', 'Rf_StringTrue',
'SETLENGTH', 'SET_TRUELENGTH'
Compiled code should not call non-API entry points in R.
See 'Writing portable packages' in the 'Writing R Extensions' manual.
Flavor: r-devel-windows-x86_64