CRAN Package Check Results for Package rcdd

Last updated on 2025-07-04 20:49:23 CEST.

Flavor Version Tinstall Tcheck Ttotal Status Flags
r-devel-linux-x86_64-debian-clang 1.6 17.99 48.90 66.89 NOTE
r-devel-linux-x86_64-debian-gcc 1.6 15.18 38.75 53.93 NOTE
r-devel-linux-x86_64-fedora-clang 1.6 101.78 OK
r-devel-linux-x86_64-fedora-gcc 1.6 120.60 OK
r-devel-windows-x86_64 1.6 43.00 106.00 149.00 OK
r-patched-linux-x86_64 1.6 18.67 46.83 65.50 OK
r-release-linux-x86_64 1.6 17.68 46.49 64.17 OK
r-release-macos-arm64 1.6 53.00 OK
r-release-macos-x86_64 1.6 89.00 OK
r-release-windows-x86_64 1.6 40.00 107.00 147.00 OK
r-oldrel-macos-arm64 1.6 50.00 OK
r-oldrel-macos-x86_64 1.6 67.00 OK
r-oldrel-windows-x86_64 1.6 39.00 93.00 132.00 OK

Check Details

Version: 1.6
Check: CRAN incoming feasibility
Result: NOTE Maintainer: ‘Charles J. Geyer <geyer@umn.edu>’ No Authors@R field in DESCRIPTION. Please add one, modifying Authors@R: c(person(given = c("Charles", "J."), family = "Geyer", role = c("aut", "cre"), email = "geyer@umn.edu"), person(given = c("Glen", "D."), family = "Meeden", role = "aut", email = "gmeeden@umn.edu"), person(given = c("incorporates", "code", "from", "cddlib", "written", "by", "Komei"), family = "Fukuda", role = "aut", email = "fukuda@ifor.math.ethz.ch", comment = c(ROR = "ver 0.94f"))) as necessary. Flavors: r-devel-linux-x86_64-debian-clang, r-devel-linux-x86_64-debian-gcc