Last updated on 2024-05-06 04:54:10 CEST.
Flavor | Version | Tinstall | Tcheck | Ttotal | Status | Flags |
---|---|---|---|---|---|---|
r-devel-linux-x86_64-debian-clang | 1.0.1 | 237.18 | 415.18 | 652.36 | NOTE | |
r-devel-linux-x86_64-debian-gcc | 1.0.1 | 197.44 | 291.82 | 489.26 | NOTE | |
r-devel-linux-x86_64-fedora-clang | 1.0.1 | 825.28 | NOTE | |||
r-devel-linux-x86_64-fedora-gcc | 1.0.1 | 775.21 | NOTE | |||
r-devel-windows-x86_64 | 1.0.1 | 169.00 | 296.00 | 465.00 | NOTE | |
r-patched-linux-x86_64 | 1.0.1 | 162.10 | 388.99 | 551.09 | NOTE | |
r-release-linux-x86_64 | 1.0.1 | 173.52 | 384.75 | 558.27 | NOTE | |
r-release-macos-arm64 | 1.0.1 | 184.00 | NOTE | |||
r-release-macos-x86_64 | 1.0.1 | 410.00 | NOTE | |||
r-release-windows-x86_64 | 1.0.1 | 180.00 | 298.00 | 478.00 | NOTE | |
r-oldrel-macos-arm64 | 1.0.1 | 200.00 | NOTE | |||
r-oldrel-macos-x86_64 | 1.0.1 | 429.00 | NOTE | |||
r-oldrel-windows-x86_64 | 1.0.1 | 224.00 | 415.00 | 639.00 | NOTE |
Version: 1.0.1
Check: package dependencies
Result: NOTE
Package suggested but not available for checking: ‘gurobi’
Flavors: r-devel-linux-x86_64-debian-clang, r-devel-linux-x86_64-debian-gcc, r-devel-linux-x86_64-fedora-clang, r-devel-linux-x86_64-fedora-gcc, r-devel-windows-x86_64, r-patched-linux-x86_64, r-release-linux-x86_64, r-release-macos-arm64, r-release-macos-x86_64, r-release-windows-x86_64, r-oldrel-macos-arm64, r-oldrel-macos-x86_64, r-oldrel-windows-x86_64
Version: 1.0.1
Check: installed package size
Result: NOTE
installed size is 7.3Mb
sub-directories of 1Mb or more:
doc 1.7Mb
extdata 4.2Mb
Flavors: r-devel-linux-x86_64-fedora-clang, r-devel-windows-x86_64, r-release-macos-arm64, r-release-macos-x86_64, r-release-windows-x86_64, r-oldrel-macos-arm64, r-oldrel-macos-x86_64, r-oldrel-windows-x86_64