Last updated on 2024-05-02 22:54:50 CEST.
Flavor | Version | Tinstall | Tcheck | Ttotal | Status | Flags |
---|---|---|---|---|---|---|
r-devel-linux-x86_64-debian-clang | 1.6.3 | 30.02 | 236.88 | 266.90 | OK | |
r-devel-linux-x86_64-debian-gcc | 1.6.3 | 24.30 | 171.16 | 195.46 | OK | |
r-devel-linux-x86_64-fedora-clang | 1.6.3 | 330.03 | NOTE | |||
r-devel-linux-x86_64-fedora-gcc | 1.6.3 | 331.51 | OK | |||
r-devel-windows-x86_64 | 1.6.3 | 28.00 | 198.00 | 226.00 | OK | |
r-patched-linux-x86_64 | 1.6.3 | 39.40 | 222.95 | 262.35 | OK | |
r-release-linux-x86_64 | 1.6.3 | 26.65 | 224.37 | 251.02 | OK | |
r-release-macos-arm64 | 1.6.3 | 85.00 | OK | |||
r-release-windows-x86_64 | 1.6.3 | 29.00 | 202.00 | 231.00 | OK | |
r-oldrel-macos-arm64 | 1.6.3 | 56.00 | OK | |||
r-oldrel-macos-x86_64 | 1.6.3 | 90.00 | OK | |||
r-oldrel-windows-x86_64 | 1.6.3 | 37.00 | 248.00 | 285.00 | OK |
Version: 1.6.3
Check: package dependencies
Result: NOTE
Imports includes 30 non-default packages.
Importing from so many packages makes the package vulnerable to any of
them becoming unavailable. Move as many as possible to Suggests and
use conditionally.
Flavor: r-devel-linux-x86_64-fedora-clang