Last updated on 2024-05-11 13:49:18 CEST.
Flavor | Version | Tinstall | Tcheck | Ttotal | Status | Flags |
---|---|---|---|---|---|---|
r-devel-linux-x86_64-debian-clang | 0.1.2 | 9.57 | 78.19 | 87.76 | OK | |
r-devel-linux-x86_64-debian-gcc | 0.1.2 | 4.78 | 59.40 | 64.18 | OK | |
r-devel-linux-x86_64-fedora-clang | 0.1.2 | 103.83 | NOTE | |||
r-devel-linux-x86_64-fedora-gcc | 0.1.2 | 148.11 | OK | |||
r-devel-windows-x86_64 | 0.1.2 | 11.00 | 108.00 | 119.00 | NOTE | |
r-patched-linux-x86_64 | 0.1.2 | 11.56 | 76.18 | 87.74 | OK | |
r-release-linux-x86_64 | 0.1.2 | 8.39 | 77.51 | 85.90 | OK | |
r-release-macos-arm64 | 0.1.2 | 53.00 | NOTE | |||
r-release-windows-x86_64 | 0.1.2 | 10.00 | 105.00 | 115.00 | NOTE | |
r-oldrel-macos-arm64 | 0.1.2 | 56.00 | NOTE | |||
r-oldrel-macos-x86_64 | 0.1.2 | 75.00 | NOTE | |||
r-oldrel-windows-x86_64 | 0.1.2 | 11.00 | 117.00 | 128.00 | NOTE |
Version: 0.1.2
Check: installed package size
Result: NOTE
installed size is 11.6Mb
sub-directories of 1Mb or more:
doc 9.9Mb
Flavors: r-devel-linux-x86_64-fedora-clang, r-devel-windows-x86_64, r-release-macos-arm64, r-release-windows-x86_64, r-oldrel-macos-arm64, r-oldrel-macos-x86_64, r-oldrel-windows-x86_64