Last updated on 2025-10-24 12:50:16 CEST.
| Flavor | Version | Tinstall | Tcheck | Ttotal | Status | Flags |
|---|---|---|---|---|---|---|
| r-devel-linux-x86_64-debian-clang | 0.9.0 | 81.26 | 24.85 | 106.11 | OK | |
| r-devel-linux-x86_64-debian-gcc | 0.9.0 | 74.98 | 19.63 | 94.61 | OK | |
| r-devel-linux-x86_64-fedora-clang | 0.9.0 | 155.00 | 42.87 | 197.87 | OK | |
| r-devel-linux-x86_64-fedora-gcc | 0.9.0 | 357.00 | -95.22 | 261.78 | OK | |
| r-devel-windows-x86_64 | 0.9.0 | 100.00 | 66.00 | 166.00 | OK | |
| r-patched-linux-x86_64 | 0.9.0 | 105.60 | 23.40 | 129.00 | OK | |
| r-release-linux-x86_64 | 0.9.0 | 103.87 | 23.65 | 127.52 | OK | |
| r-release-macos-arm64 | 0.9.0 | 46.00 | 15.00 | 61.00 | OK | |
| r-release-macos-x86_64 | 0.9.0 | 76.00 | 39.00 | 115.00 | OK | |
| r-release-windows-x86_64 | 0.9.0 | 99.00 | 78.00 | 177.00 | OK | |
| r-oldrel-macos-arm64 | 0.9.0 | 44.00 | 19.00 | 63.00 | NOTE | |
| r-oldrel-macos-x86_64 | 0.9.0 | 71.00 | 27.00 | 98.00 | NOTE | |
| r-oldrel-windows-x86_64 | 0.9.0 | 108.00 | 94.00 | 202.00 | OK |
Version: 0.9.0
Check: installed package size
Result: NOTE
installed size is 14.9Mb
sub-directories of 1Mb or more:
libs 14.8Mb
Flavors: r-oldrel-macos-arm64, r-oldrel-macos-x86_64