Last updated on 2025-07-05 10:49:31 CEST.
Flavor | Version | Tinstall | Tcheck | Ttotal | Status | Flags |
---|---|---|---|---|---|---|
r-devel-linux-x86_64-debian-clang | 0.1.5.1 | 8.43 | 179.86 | 188.29 | NOTE | |
r-devel-linux-x86_64-debian-gcc | 0.1.5.1 | 4.40 | 121.45 | 125.85 | NOTE | |
r-devel-linux-x86_64-fedora-clang | 0.1.5.1 | 296.53 | OK | |||
r-devel-linux-x86_64-fedora-gcc | 0.1.5.1 | 272.20 | OK | |||
r-devel-windows-x86_64 | 0.1.5.1 | 9.00 | 169.00 | 178.00 | OK | |
r-patched-linux-x86_64 | 0.1.5.1 | 8.36 | 169.12 | 177.48 | OK | |
r-release-linux-x86_64 | 0.1.5.1 | 6.91 | 170.09 | 177.00 | OK | |
r-release-macos-arm64 | 0.1.5.1 | 76.00 | OK | |||
r-release-macos-x86_64 | 0.1.5.1 | 164.00 | OK | |||
r-release-windows-x86_64 | 0.1.5.1 | 11.00 | 167.00 | 178.00 | OK | |
r-oldrel-macos-arm64 | 0.1.5.1 | 72.00 | OK | |||
r-oldrel-macos-x86_64 | 0.1.5.1 | 133.00 | OK | |||
r-oldrel-windows-x86_64 | 0.1.5.1 | 11.00 | 222.00 | 233.00 | OK |
Version: 0.1.5.1
Check: CRAN incoming feasibility
Result: NOTE
Maintainer: ‘Linares Daniel <danilinares@gmail.com>’
Package CITATION file contains call(s) to old-style personList() or
as.personList(). Please use c() on person objects instead.
Package CITATION file contains call(s) to old-style citEntry(). Please
use bibentry() instead.
Flavors: r-devel-linux-x86_64-debian-clang, r-devel-linux-x86_64-debian-gcc